CRAN Package Check Results for Package RPESE

Last updated on 2020-02-27 07:49:51 CET.

Flavor Version Tinstall Tcheck Ttotal Status Flags
r-devel-linux-x86_64-debian-clang 1.0.1 4.32 45.63 49.95 OK
r-devel-linux-x86_64-debian-gcc 1.0.1 3.63 37.23 40.86 OK
r-devel-linux-x86_64-fedora-clang 1.0.1 61.99 NOTE
r-devel-linux-x86_64-fedora-gcc 1.0.1 61.49 NOTE
r-devel-windows-ix86+x86_64 1.0.1 15.00 58.00 73.00 OK
r-devel-windows-ix86+x86_64-gcc8 1.0.1 17.00 59.00 76.00 OK
r-patched-linux-x86_64 1.0.1 3.72 41.92 45.64 OK
r-patched-solaris-x86 1.0.1 80.40 NOTE
r-release-linux-x86_64 1.0.1 3.11 41.38 44.49 OK
r-release-windows-ix86+x86_64 1.0.1 10.00 59.00 69.00 OK
r-release-osx-x86_64 1.0.1 NOTE
r-oldrel-windows-ix86+x86_64 1.0.1 8.00 54.00 62.00 OK
r-oldrel-osx-x86_64 1.0.1 NOTE

Check Details

Version: 1.0.1
Check: dependencies in R code
Result: NOTE
    Namespace in Imports field not imported from: ‘robustbase’
     All declared Imports should be used.
Flavors: r-devel-linux-x86_64-fedora-clang, r-devel-linux-x86_64-fedora-gcc, r-patched-solaris-x86, r-release-osx-x86_64, r-oldrel-osx-x86_64