CRAN Package Check Results for Package RaceID

Last updated on 2020-01-16 17:48:19 CET.

Flavor Version Tinstall Tcheck Ttotal Status Flags
r-devel-linux-x86_64-debian-clang 0.1.7 46.90 618.58 665.48 OK
r-devel-linux-x86_64-debian-gcc 0.1.7 33.53 435.30 468.83 OK
r-devel-linux-x86_64-fedora-clang 0.1.7 862.85 NOTE
r-devel-linux-x86_64-fedora-gcc 0.1.7 845.16 NOTE
r-devel-windows-ix86+x86_64 0.1.7 137.00 972.00 1109.00 NOTE
r-devel-windows-ix86+x86_64-gcc8 0.1.6 91.00 938.00 1029.00 NOTE
r-patched-linux-x86_64 0.1.7 36.61 562.84 599.45 OK
r-patched-solaris-x86 0.1.7 1178.10 NOTE
r-release-linux-x86_64 0.1.7 40.05 561.40 601.45 OK
r-release-windows-ix86+x86_64 0.1.7 118.00 882.00 1000.00 NOTE
r-release-osx-x86_64 0.1.7 NOTE
r-oldrel-windows-ix86+x86_64 0.1.7 99.00 890.00 989.00 NOTE
r-oldrel-osx-x86_64 0.1.7 NOTE

Check Details

Version: 0.1.7
Check: package dependencies
Result: NOTE
    Package suggested but not available for checking: ‘scran’
Flavors: r-devel-linux-x86_64-fedora-clang, r-devel-linux-x86_64-fedora-gcc, r-patched-solaris-x86, r-release-osx-x86_64, r-oldrel-osx-x86_64

Version: 0.1.7
Check: installed package size
Result: NOTE
     installed size is 9.6Mb
     sub-directories of 1Mb or more:
     data 2.1Mb
     doc 5.9Mb
Flavors: r-devel-linux-x86_64-fedora-clang, r-devel-windows-ix86+x86_64, r-patched-solaris-x86, r-release-windows-ix86+x86_64, r-release-osx-x86_64, r-oldrel-windows-ix86+x86_64, r-oldrel-osx-x86_64

Version: 0.1.6
Check: installed package size
Result: NOTE
     installed size is 10.7Mb
     sub-directories of 1Mb or more:
     data 2.1Mb
     doc 5.9Mb
     libs 2.1Mb
Flavor: r-devel-windows-ix86+x86_64-gcc8