CRAN Package Check Results for Package RagGrid

Last updated on 2020-02-18 23:48:43 CET.

Flavor Version Tinstall Tcheck Ttotal Status Flags
r-devel-linux-x86_64-debian-clang 0.2.0 3.40 25.86 29.26 OK
r-devel-linux-x86_64-debian-gcc 0.2.0 2.51 20.94 23.45 OK
r-devel-linux-x86_64-fedora-clang 0.2.0 35.85 NOTE
r-devel-linux-x86_64-fedora-gcc 0.2.0 34.23 NOTE
r-devel-windows-ix86+x86_64 0.2.0 8.00 38.00 46.00 OK
r-devel-windows-ix86+x86_64-gcc8 0.2.0 13.00 56.00 69.00 OK
r-patched-linux-x86_64 0.2.0 2.67 22.66 25.33 OK
r-patched-solaris-x86 0.2.0 52.00 NOTE
r-release-linux-x86_64 0.2.0 2.70 22.90 25.60 OK
r-release-windows-ix86+x86_64 0.2.0 6.00 37.00 43.00 OK
r-release-osx-x86_64 0.2.0 NOTE
r-oldrel-windows-ix86+x86_64 0.2.0 5.00 38.00 43.00 OK
r-oldrel-osx-x86_64 0.2.0 NOTE

Check Details

Version: 0.2.0
Check: dependencies in R code
Result: NOTE
    Namespace in Imports field not imported from: ‘knitr’
     All declared Imports should be used.
Flavors: r-devel-linux-x86_64-fedora-clang, r-devel-linux-x86_64-fedora-gcc, r-patched-solaris-x86, r-release-osx-x86_64, r-oldrel-osx-x86_64