CRAN Package Check Results for Package RclusTool

Last updated on 2020-01-26 07:52:28 CET.

Flavor Version Tinstall Tcheck Ttotal Status Flags
r-devel-linux-x86_64-debian-clang 0.91.2 23.76 114.17 137.93 OK
r-devel-linux-x86_64-debian-gcc 0.91.2 17.56 87.59 105.15 OK
r-devel-linux-x86_64-fedora-clang 0.91.2 169.93 OK
r-devel-linux-x86_64-fedora-gcc 0.91.2 165.95 OK
r-devel-windows-ix86+x86_64 0.91.2 57.00 184.00 241.00 OK
r-devel-windows-ix86+x86_64-gcc8 0.91.2 59.00 180.00 239.00 OK
r-patched-linux-x86_64 0.91.2 20.38 102.71 123.09 OK
r-patched-solaris-x86 0.91.2 222.50 OK
r-release-linux-x86_64 0.91.2 21.11 103.56 124.67 OK
r-release-windows-ix86+x86_64 0.91.2 30.00 116.00 146.00 OK
r-release-osx-x86_64 0.91.2 FAIL
r-oldrel-windows-ix86+x86_64 0.91.2 27.00 110.00 137.00 OK
r-oldrel-osx-x86_64 0.91.2 FAIL

Check Details

Version: 0.91.2
Check: whether package can be installed
Result: FAIL
Flavors: r-release-osx-x86_64, r-oldrel-osx-x86_64