CRAN Package Check Results for Package RcmdrPlugin.coin

Last updated on 2019-07-21 23:47:45 CEST.

Flavor Version Tinstall Tcheck Ttotal Status Flags
r-devel-linux-x86_64-debian-clang 1.0-22 15.56 116.21 131.77 NOTE
r-devel-linux-x86_64-debian-gcc 1.0-22 13.29 91.30 104.59 NOTE
r-devel-linux-x86_64-fedora-clang 1.0-22 157.03 NOTE
r-devel-linux-x86_64-fedora-gcc 1.0-22 154.31 NOTE
r-devel-windows-ix86+x86_64 1.0-22 39.00 251.00 290.00 NOTE
r-patched-linux-x86_64 1.0-22 16.58 114.32 130.90 NOTE
r-patched-solaris-x86 1.0-22 267.30 NOTE
r-release-linux-x86_64 1.0-22 15.89 114.06 129.95 NOTE
r-release-windows-ix86+x86_64 1.0-22 37.00 157.00 194.00 NOTE
r-release-osx-x86_64 1.0-22 NOTE
r-oldrel-windows-ix86+x86_64 1.0-22 61.00 211.00 272.00 NOTE
r-oldrel-osx-x86_64 1.0-22 NOTE

Check Details

Version: 1.0-22
Check: R code for possible problems
Result: NOTE
    enterTableMHTest : onOK: no visible global function definition for
     'na.omit'
    startStop: no visible global function definition for 'na.omit'
    Undefined global functions or variables:
     na.omit
    Consider adding
     importFrom("stats", "na.omit")
    to your NAMESPACE file.
Flavors: r-devel-linux-x86_64-debian-clang, r-devel-linux-x86_64-debian-gcc, r-devel-linux-x86_64-fedora-clang, r-devel-linux-x86_64-fedora-gcc, r-devel-windows-ix86+x86_64, r-patched-linux-x86_64, r-patched-solaris-x86, r-release-linux-x86_64, r-release-windows-ix86+x86_64, r-release-osx-x86_64, r-oldrel-windows-ix86+x86_64, r-oldrel-osx-x86_64