CRAN Package Check Results for Package RcmdrPlugin.coin

Last updated on 2019-11-09 08:48:43 CET.

Flavor Version Tinstall Tcheck Ttotal Status Flags
r-devel-linux-x86_64-debian-clang 1.0-22 15.57 115.10 130.67 NOTE
r-devel-linux-x86_64-debian-gcc 1.0-22 13.60 89.59 103.19 NOTE
r-devel-linux-x86_64-fedora-clang 1.0-22 165.26 NOTE
r-devel-linux-x86_64-fedora-gcc 1.0-22 161.95 NOTE
r-devel-windows-ix86+x86_64 1.0-22 45.00 243.00 288.00 NOTE
r-patched-linux-x86_64 1.0-22 15.76 111.27 127.03 NOTE
r-patched-solaris-x86 1.0-22 261.40 NOTE
r-release-linux-x86_64 1.0-22 14.98 111.13 126.11 NOTE
r-release-windows-ix86+x86_64 1.0-22 69.00 187.00 256.00 NOTE
r-release-osx-x86_64 1.0-22 NOTE
r-oldrel-windows-ix86+x86_64 1.0-22 62.00 247.00 309.00 NOTE
r-oldrel-osx-x86_64 1.0-22 NOTE

Check Details

Version: 1.0-22
Check: R code for possible problems
Result: NOTE
    enterTableMHTest : onOK: no visible global function definition for
     'na.omit'
    startStop: no visible global function definition for 'na.omit'
    Undefined global functions or variables:
     na.omit
    Consider adding
     importFrom("stats", "na.omit")
    to your NAMESPACE file.
Flavors: r-devel-linux-x86_64-debian-clang, r-devel-linux-x86_64-debian-gcc, r-devel-linux-x86_64-fedora-clang, r-devel-linux-x86_64-fedora-gcc, r-devel-windows-ix86+x86_64, r-patched-linux-x86_64, r-patched-solaris-x86, r-release-linux-x86_64, r-release-windows-ix86+x86_64, r-release-osx-x86_64, r-oldrel-windows-ix86+x86_64, r-oldrel-osx-x86_64