Last updated on 2019-12-14 07:57:20 CET.
Flavor | Version | Tinstall | Tcheck | Ttotal | Status | Flags |
---|---|---|---|---|---|---|
r-devel-linux-x86_64-debian-clang | 0.9.800.3.0 | 45.91 | 56.98 | 102.89 | OK | |
r-devel-linux-x86_64-debian-gcc | 0.9.800.3.0 | 29.87 | 45.70 | 75.57 | OK | |
r-devel-linux-x86_64-fedora-clang | 0.9.800.3.0 | 140.36 | NOTE | |||
r-devel-linux-x86_64-fedora-gcc | 0.9.800.3.0 | 138.95 | OK | |||
r-devel-windows-ix86+x86_64 | 0.9.800.3.0 | 129.00 | 636.00 | 765.00 | NOTE | |
r-devel-windows-ix86+x86_64-gcc8 | 0.9.800.3.0 | 107.00 | 441.00 | 548.00 | NOTE | |
r-patched-linux-x86_64 | 0.9.800.3.0 | 35.16 | 53.96 | 89.12 | OK | |
r-patched-solaris-x86 | 0.9.800.3.0 | 268.90 | NOTE | |||
r-release-linux-x86_64 | 0.9.800.3.0 | 37.86 | 53.82 | 91.68 | OK | |
r-release-windows-ix86+x86_64 | 0.9.800.3.0 | 88.00 | 433.00 | 521.00 | NOTE | |
r-release-osx-x86_64 | 0.9.800.3.0 | NOTE | ||||
r-oldrel-windows-ix86+x86_64 | 0.9.800.3.0 | 148.00 | 428.00 | 576.00 | NOTE | |
r-oldrel-osx-x86_64 | 0.9.800.3.0 | NOTE |
Version: 0.9.800.3.0
Check: installed package size
Result: NOTE
installed size is 8.6Mb
sub-directories of 1Mb or more:
include 5.9Mb
libs 1.6Mb
Flavors: r-devel-linux-x86_64-fedora-clang, r-devel-windows-ix86+x86_64, r-devel-windows-ix86+x86_64-gcc8, r-patched-solaris-x86, r-release-windows-ix86+x86_64, r-release-osx-x86_64, r-oldrel-windows-ix86+x86_64, r-oldrel-osx-x86_64