CRAN Package Check Results for Package RcppHMM

Last updated on 2020-01-26 07:52:28 CET.

Flavor Version Tinstall Tcheck Ttotal Status Flags
r-devel-linux-x86_64-debian-clang 1.2.2 92.52 26.44 118.96 OK
r-devel-linux-x86_64-debian-gcc 1.2.2 65.60 20.95 86.55 OK
r-devel-linux-x86_64-fedora-clang 1.2.2 163.00 NOTE
r-devel-linux-x86_64-fedora-gcc 1.2.2 158.38 OK
r-devel-windows-ix86+x86_64 1.2.2 210.00 100.00 310.00 OK
r-devel-windows-ix86+x86_64-gcc8 1.2.2 237.00 71.00 308.00 OK
r-patched-linux-x86_64 1.2.2 69.82 24.52 94.34 OK
r-patched-solaris-x86 1.2.2 152.00 OK
r-release-linux-x86_64 1.2.2 72.38 24.53 96.91 OK
r-release-windows-ix86+x86_64 1.2.2 158.00 65.00 223.00 OK
r-release-osx-x86_64 1.2.2 OK
r-oldrel-windows-ix86+x86_64 1.2.2 159.00 57.00 216.00 OK
r-oldrel-osx-x86_64 1.2.2 OK

Check Details

Version: 1.2.2
Check: installed package size
Result: NOTE
     installed size is 5.2Mb
     sub-directories of 1Mb or more:
     libs 5.0Mb
Flavor: r-devel-linux-x86_64-fedora-clang