CRAN Package Check Results for Package Rfssa

Last updated on 2020-01-17 21:47:19 CET.

Flavor Version Tinstall Tcheck Ttotal Status Flags
r-devel-linux-x86_64-debian-clang 1.0.0 96.08 113.35 209.43 OK
r-devel-linux-x86_64-debian-gcc 1.0.0 68.87 86.07 154.94 OK
r-devel-linux-x86_64-fedora-clang 1.0.0 266.01 NOTE
r-devel-linux-x86_64-fedora-gcc 1.0.0 262.74 NOTE
r-devel-windows-ix86+x86_64 1.0.0 258.00 231.00 489.00 OK
r-devel-windows-ix86+x86_64-gcc8 1.0.0 209.00 236.00 445.00 OK
r-patched-linux-x86_64 1.0.0 73.22 98.44 171.66 OK
r-patched-solaris-x86 1.0.0 294.90 NOTE
r-release-linux-x86_64 1.0.0 79.78 99.13 178.91 OK
r-release-windows-ix86+x86_64 1.0.0 252.00 239.00 491.00 OK
r-release-osx-x86_64 1.0.0 NOTE
r-oldrel-windows-ix86+x86_64 1.0.0 232.00 161.00 393.00 OK
r-oldrel-osx-x86_64 1.0.0 NOTE

Check Details

Version: 1.0.0
Check: dependencies in R code
Result: NOTE
    Namespace in Imports field not imported from: ‘markdown’
     All declared Imports should be used.
Flavors: r-devel-linux-x86_64-fedora-clang, r-devel-linux-x86_64-fedora-gcc, r-patched-solaris-x86, r-release-osx-x86_64, r-oldrel-osx-x86_64