CRAN Package Check Results for Package RiemBase

Last updated on 2020-01-26 07:52:29 CET.

Flavor Version Tinstall Tcheck Ttotal Status Flags
r-devel-linux-x86_64-debian-clang 0.2.3 44.08 30.08 74.16 OK
r-devel-linux-x86_64-debian-gcc 0.2.3 32.11 23.74 55.85 OK
r-devel-linux-x86_64-fedora-clang 0.2.3 103.06 OK
r-devel-linux-x86_64-fedora-gcc 0.2.3 97.97 OK
r-devel-windows-ix86+x86_64 0.2.3 104.00 91.00 195.00 OK
r-devel-windows-ix86+x86_64-gcc8 0.2.3 111.00 74.00 185.00 OK
r-patched-linux-x86_64 0.2.3 36.75 27.39 64.14 OK
r-patched-solaris-x86 0.2.3 109.80 OK
r-release-linux-x86_64 0.2.3 36.98 27.37 64.35 OK
r-release-windows-ix86+x86_64 0.2.3 77.00 62.00 139.00 OK
r-release-osx-x86_64 0.2.3 NOTE
r-oldrel-windows-ix86+x86_64 0.2.3 77.00 58.00 135.00 OK
r-oldrel-osx-x86_64 0.2.3 OK

Check Details

Version: 0.2.3
Check: installed package size
Result: NOTE
     installed size is 5.1Mb
     sub-directories of 1Mb or more:
     libs 4.9Mb
Flavor: r-release-osx-x86_64