CRAN Package Check Results for Package Ryacas

Last updated on 2020-02-24 07:50:09 CET.

Flavor Version Tinstall Tcheck Ttotal Status Flags
r-devel-linux-x86_64-debian-clang 1.1.2 104.83 99.49 204.32 OK
r-devel-linux-x86_64-debian-gcc 1.1.2 OK
r-devel-linux-x86_64-fedora-clang 1.1.2 278.26 NOTE
r-devel-linux-x86_64-fedora-gcc 1.1.2 260.98 OK
r-devel-windows-ix86+x86_64 1.1.2 245.00 171.00 416.00 NOTE
r-devel-windows-ix86+x86_64-gcc8 1.1.2 317.00 219.00 536.00 NOTE
r-patched-linux-x86_64 1.1.2 OK
r-patched-solaris-x86 1.1.2 241.80 OK
r-release-linux-x86_64 1.1.2 86.04 92.14 178.18 OK
r-release-windows-ix86+x86_64 1.1.2 227.00 177.00 404.00 NOTE
r-release-osx-x86_64 1.1.2 NOTE
r-oldrel-windows-ix86+x86_64 1.1.2 332.00 159.00 491.00 NOTE
r-oldrel-osx-x86_64 1.1.2 NOTE

Check Details

Version: 1.1.2
Check: installed package size
Result: NOTE
     installed size is 10.7Mb
     sub-directories of 1Mb or more:
     libs 8.5Mb
     yacas 1.6Mb
Flavors: r-devel-linux-x86_64-fedora-clang, r-release-osx-x86_64, r-oldrel-osx-x86_64

Version: 1.1.2
Check: package dependencies
Result: NOTE
    Package suggested but not available for checking: 'unix'
Flavors: r-devel-windows-ix86+x86_64, r-devel-windows-ix86+x86_64-gcc8, r-release-windows-ix86+x86_64, r-oldrel-windows-ix86+x86_64