CRAN Package Check Results for Package Ryacas0

Last updated on 2020-02-22 07:50:16 CET.

Flavor Version Tinstall Tcheck Ttotal Status Flags
r-devel-linux-x86_64-debian-clang 0.4.2 92.13 109.92 202.05 OK
r-devel-linux-x86_64-debian-gcc 0.4.2 62.47 84.13 146.60 OK
r-devel-linux-x86_64-fedora-clang 0.4.2 277.26 NOTE
r-devel-linux-x86_64-fedora-gcc 0.4.2 252.57 OK
r-devel-windows-ix86+x86_64 0.4.2 192.00 159.00 351.00 OK
r-devel-windows-ix86+x86_64-gcc8 0.4.2 274.00 212.00 486.00 OK
r-patched-linux-x86_64 0.4.2 OK
r-patched-solaris-x86 0.4.2 246.30 OK
r-release-linux-x86_64 0.4.2 72.49 99.76 172.25 OK
r-release-windows-ix86+x86_64 0.4.2 180.00 155.00 335.00 OK
r-release-osx-x86_64 0.4.2 NOTE
r-oldrel-windows-ix86+x86_64 0.4.2 237.00 143.00 380.00 OK
r-oldrel-osx-x86_64 0.4.2 NOTE

Check Details

Version: 0.4.2
Check: installed package size
Result: NOTE
     installed size is 9.8Mb
     sub-directories of 1Mb or more:
     libs 7.8Mb
     yacas 1.5Mb
Flavors: r-devel-linux-x86_64-fedora-clang, r-release-osx-x86_64, r-oldrel-osx-x86_64