CRAN Package Check Results for Package SACOBRA

Last updated on 2020-01-17 21:47:21 CET.

Flavor Version Tinstall Tcheck Ttotal Status Flags
r-devel-linux-x86_64-debian-clang 1.1 11.94 80.74 92.68 OK
r-devel-linux-x86_64-debian-gcc 1.1 8.09 60.72 68.81 OK
r-devel-linux-x86_64-fedora-clang 1.1 106.54 NOTE
r-devel-linux-x86_64-fedora-gcc 1.1 104.62 NOTE
r-devel-windows-ix86+x86_64 1.1 20.00 116.00 136.00 OK
r-devel-windows-ix86+x86_64-gcc8 1.1 13.00 92.00 105.00 OK
r-patched-linux-x86_64 1.1 8.43 70.58 79.01 OK
r-patched-solaris-x86 1.1 115.40 NOTE
r-release-linux-x86_64 1.1 7.92 69.90 77.82 OK
r-release-windows-ix86+x86_64 1.1 18.00 108.00 126.00 OK
r-release-osx-x86_64 1.1 NOTE
r-oldrel-windows-ix86+x86_64 1.1 16.00 85.00 101.00 OK
r-oldrel-osx-x86_64 1.1 NOTE

Check Details

Version: 1.1
Check: dependencies in R code
Result: NOTE
    Namespaces in Imports field not imported from:
     ‘R6’ ‘mgcv’
     All declared Imports should be used.
Flavors: r-devel-linux-x86_64-fedora-clang, r-devel-linux-x86_64-fedora-gcc, r-patched-solaris-x86

Version: 1.1
Check: dependencies in R code
Result: NOTE
    No protocol specified
    Namespaces in Imports field not imported from:
     ‘R6’ ‘mgcv’
     All declared Imports should be used.
Flavors: r-release-osx-x86_64, r-oldrel-osx-x86_64