CRAN Package Check Results for Package SBSA

Last updated on 2020-01-23 15:48:11 CET.

Flavor Version Tinstall Tcheck Ttotal Status Flags
r-devel-linux-x86_64-debian-clang 0.2.3 123.36 38.55 161.91 NOTE
r-devel-linux-x86_64-debian-gcc 0.2.3 84.50 28.74 113.24 NOTE
r-devel-linux-x86_64-fedora-clang 0.2.3 232.84 NOTE
r-devel-linux-x86_64-fedora-gcc 0.2.3 219.78 NOTE
r-devel-windows-ix86+x86_64 0.2.3 324.00 98.00 422.00 NOTE
r-devel-windows-ix86+x86_64-gcc8 0.2.3 352.00 74.00 426.00 NOTE
r-patched-linux-x86_64 0.2.3 100.32 35.80 136.12 NOTE
r-patched-solaris-x86 0.2.3 210.40 NOTE
r-release-linux-x86_64 0.2.3 102.78 36.00 138.78 NOTE
r-release-windows-ix86+x86_64 0.2.3 309.00 89.00 398.00 NOTE
r-release-osx-x86_64 0.2.3 NOTE
r-oldrel-windows-ix86+x86_64 0.2.3 185.00 64.00 249.00 NOTE
r-oldrel-osx-x86_64 0.2.3 NOTE

Additional issues

noSuggests

Check Details

Version: 0.2.3
Check: DESCRIPTION meta-information
Result: NOTE
    Malformed Description field: should contain one or more complete sentences.
Flavors: r-devel-linux-x86_64-debian-clang, r-devel-linux-x86_64-debian-gcc, r-devel-linux-x86_64-fedora-clang, r-devel-linux-x86_64-fedora-gcc, r-devel-windows-ix86+x86_64, r-devel-windows-ix86+x86_64-gcc8, r-patched-linux-x86_64, r-patched-solaris-x86, r-release-linux-x86_64, r-release-windows-ix86+x86_64, r-release-osx-x86_64, r-oldrel-windows-ix86+x86_64, r-oldrel-osx-x86_64

Version: 0.2.3
Check: R code for possible problems
Result: NOTE
    fitSBSA: no visible binding for global variable 'var'
    fitSBSA: no visible global function definition for 'var'
    fitSBSA: no visible global function definition for 'qnorm'
    Undefined global functions or variables:
     qnorm var
    Consider adding
     importFrom("stats", "qnorm", "var")
    to your NAMESPACE file.
Flavors: r-devel-linux-x86_64-debian-clang, r-devel-linux-x86_64-debian-gcc, r-devel-linux-x86_64-fedora-clang, r-devel-linux-x86_64-fedora-gcc, r-devel-windows-ix86+x86_64, r-devel-windows-ix86+x86_64-gcc8, r-patched-linux-x86_64, r-patched-solaris-x86, r-release-linux-x86_64, r-release-windows-ix86+x86_64, r-release-osx-x86_64, r-oldrel-windows-ix86+x86_64, r-oldrel-osx-x86_64

Version: 0.2.3
Check: compiled code
Result: NOTE
    File ‘SBSA/libs/SBSA.so’:
     Found no calls to: ‘R_registerRoutines’, ‘R_useDynamicSymbols’
    
    It is good practice to register native routines and to disable symbol
    search.
    
    See ‘Writing portable packages’ in the ‘Writing R Extensions’ manual.
Flavors: r-devel-linux-x86_64-fedora-clang, r-devel-linux-x86_64-fedora-gcc