CRAN Package Check Results for Package SDMTools

Last updated on 2014-12-21 08:47:44.

Flavor Version Tinstall Tcheck Ttotal Status Flags
r-devel-linux-x86_64-debian-clang 1.1-221 1.94 20.51 22.46 NOTE
r-devel-linux-x86_64-debian-gcc 1.1-221 2.18 19.94 22.12 NOTE
r-devel-linux-x86_64-fedora-clang 1.1-221 45.71 NOTE
r-devel-linux-x86_64-fedora-gcc 1.1-221 42.63 NOTE
r-devel-osx-x86_64-clang 1.1-221 44.18 NOTE
r-devel-windows-ix86+x86_64 1.1-221 14.00 41.00 55.00 NOTE
r-patched-linux-x86_64 1.1-221 2.26 21.06 23.31 NOTE
r-patched-solaris-sparc 1.1-221 293.40 NOTE
r-patched-solaris-x86 1.1-221 60.10 NOTE
r-release-linux-ix86 1.1-221 2.99 27.50 30.49 NOTE
r-release-linux-x86_64 1.1-221 2.14 22.04 24.18 NOTE
r-release-osx-x86_64-mavericks 1.1-221 OK
r-release-osx-x86_64-snowleopard 1.1-221 OK
r-release-windows-ix86+x86_64 1.1-221 16.00 46.00 62.00 NOTE
r-oldrel-windows-ix86+x86_64 1.1-221 15.00 45.00 60.00 OK

Check Details

Version: 1.1-221
Check: R code for possible problems
Result: NOTE
    ConnCompLabel: no visible global function definition for ‘setValues’
    SigDiff: no visible global function definition for ‘setValues’
    asc.from.raster: no visible global function definition for ‘getValues’
    aspect: no visible global function definition for ‘setValues’
    grid.area: no visible global function definition for ‘setValues’
    grid.perimeter: no visible global function definition for ‘setValues’
    lcmw: no visible global function definition for ‘setValues’
    raster.from.asc: no visible global function definition for ‘raster’
    raster.from.asc: no visible global function definition for
     ‘projection<-’
    raster.from.asc: no visible global function definition for ‘setValues’
    slope: no visible global function definition for ‘setValues’
    sp.from.asc: no visible global function definition for ‘CRS’
    sp.from.asc: no visible global function definition for ‘GridTopology’
    sp.from.asc: no visible global function definition for
     ‘SpatialGridDataFrame’
Flavors: r-devel-linux-x86_64-debian-clang, r-devel-linux-x86_64-debian-gcc, r-devel-linux-x86_64-fedora-clang, r-devel-linux-x86_64-fedora-gcc, r-devel-osx-x86_64-clang, r-devel-windows-ix86+x86_64, r-patched-linux-x86_64, r-patched-solaris-sparc, r-patched-solaris-x86, r-release-linux-ix86, r-release-linux-x86_64, r-release-windows-ix86+x86_64