CRAN Package Check Results for Package SDMTools

Last updated on 2014-09-30 11:48:34.

Flavor Version Tinstall Tcheck Ttotal Status Flags
r-devel-linux-x86_64-debian-clang 1.1-221 2.03 20.46 22.49 NOTE
r-devel-linux-x86_64-debian-gcc 1.1-221 2.12 19.91 22.03 NOTE
r-devel-linux-x86_64-fedora-clang 1.1-221 44.81 NOTE
r-devel-linux-x86_64-fedora-gcc 1.1-221 41.71 NOTE
r-devel-osx-x86_64-clang 1.1-221 40.97 NOTE
r-devel-windows-ix86+x86_64 1.1-221 14.00 39.00 53.00 NOTE
r-patched-linux-x86_64 1.1-221 2.23 23.08 25.31 OK
r-patched-solaris-sparc 1.1-221 257.20 OK
r-patched-solaris-x86 1.1-221 67.80 OK
r-release-linux-ix86 1.1-221 4.77 31.62 36.39 OK
r-release-linux-x86_64 1.1-221 2.44 24.71 27.15 OK
r-release-osx-x86_64-mavericks 1.1-221 OK
r-release-osx-x86_64-snowleopard 1.1-221 OK
r-release-windows-ix86+x86_64 1.1-221 14.00 45.00 59.00 OK
r-oldrel-windows-ix86+x86_64 1.1-221 14.00 46.00 60.00 OK

Check Details

Version: 1.1-221
Check: R code for possible problems
Result: NOTE
    ConnCompLabel: no visible global function definition for ‘setValues’
    SigDiff: no visible global function definition for ‘setValues’
    asc.from.raster: no visible global function definition for ‘getValues’
    aspect: no visible global function definition for ‘setValues’
    grid.area: no visible global function definition for ‘setValues’
    grid.perimeter: no visible global function definition for ‘setValues’
    lcmw: no visible global function definition for ‘setValues’
    raster.from.asc: no visible global function definition for ‘raster’
    raster.from.asc: no visible global function definition for
     ‘projection<-’
    raster.from.asc: no visible global function definition for ‘setValues’
    slope: no visible global function definition for ‘setValues’
    sp.from.asc: no visible global function definition for ‘CRS’
    sp.from.asc: no visible global function definition for ‘GridTopology’
    sp.from.asc: no visible global function definition for
     ‘SpatialGridDataFrame’
Flavors: r-devel-linux-x86_64-debian-clang, r-devel-linux-x86_64-debian-gcc, r-devel-linux-x86_64-fedora-clang, r-devel-linux-x86_64-fedora-gcc, r-devel-osx-x86_64-clang, r-devel-windows-ix86+x86_64