CRAN Package Check Results for Package SLEMI

Last updated on 2020-01-18 08:00:01 CET.

Flavor Version Tinstall Tcheck Ttotal Status Flags
r-devel-linux-x86_64-debian-clang 1.0 4.24 66.26 70.50 OK
r-devel-linux-x86_64-debian-gcc 1.0 4.15 48.33 52.48 OK
r-devel-linux-x86_64-fedora-clang 1.0 85.68 OK
r-devel-linux-x86_64-fedora-gcc 1.0 86.21 OK
r-devel-windows-ix86+x86_64 1.0 16.00 116.00 132.00 OK
r-devel-windows-ix86+x86_64-gcc8 1.0 13.00 81.00 94.00 OK
r-patched-linux-x86_64 1.0 3.40 59.82 63.22 OK
r-patched-solaris-x86 1.0 106.70 OK
r-release-linux-x86_64 1.0 3.97 58.89 62.86 OK
r-release-windows-ix86+x86_64 1.0 11.00 100.00 111.00 OK
r-release-osx-x86_64 1.0 OK
r-oldrel-osx-x86_64 1.0 ERROR

Check Details

Version: 1.0
Check: whether package can be installed
Result: ERROR
    Installation failed.
Flavor: r-oldrel-osx-x86_64