CRAN Package Check Results for Package SeerMapper

Last updated on 2020-01-22 07:57:23 CET.

Flavor Version Tinstall Tcheck Ttotal Status Flags
r-devel-linux-x86_64-debian-clang 1.2.0 8.70 96.34 105.04 NOTE
r-devel-linux-x86_64-debian-gcc 1.2.0 6.51 76.51 83.02 NOTE
r-devel-linux-x86_64-fedora-clang 1.2.0 128.45 NOTE
r-devel-linux-x86_64-fedora-gcc 1.2.0 125.87 NOTE
r-devel-windows-ix86+x86_64 1.2.0 32.00 175.00 207.00 OK
r-devel-windows-ix86+x86_64-gcc8 1.2.0 28.00 120.00 148.00 OK
r-patched-linux-x86_64 1.2.0 6.91 87.95 94.86 OK
r-patched-solaris-x86 1.2.0 178.50 OK
r-release-linux-x86_64 1.2.0 7.35 87.17 94.52 OK
r-release-windows-ix86+x86_64 1.2.0 21.00 169.00 190.00 OK
r-release-osx-x86_64 1.2.0 OK
r-oldrel-windows-ix86+x86_64 1.2.0 12.00 82.00 94.00 OK
r-oldrel-osx-x86_64 1.2.0 OK

Check Details

Version: 1.2.0
Check: for non-standard things in the check directory
Result: NOTE
    Found the following files/directories:
     'SM-Ex-H04 GA Co 2010 hatch-ge mean popdens-d15 a60.pdf' 'SM-Ex-c30
     Kentucky All Co Map w hatching-defaults.pdf' 'SM-Ex-c64 GA
     Counties10-PC age 65 and up-def.pdf'
     'SM-Ex-c80-WashBalt-County-CSA-def.pdf' 'SM-Ex-s01 States Map of
     Cancer Mortality-defaults.pdf' 'SM-Ex-s02 States Map of Cancer
     Mortality-w hatching.pdf' 'SM-Ex-sr11 Seer Reg 17 Map stB-A
     srB-D.pdf' 'SM-Ex-tr74-WA-Dem-All-Census-Tracts-PCgt65-def.pdf'
     'SM-Ex-tr78-WA-Dem-P-Tract-trB-sr.pdf'
Flavors: r-devel-linux-x86_64-debian-clang, r-devel-linux-x86_64-debian-gcc, r-devel-linux-x86_64-fedora-clang, r-devel-linux-x86_64-fedora-gcc