CRAN Package Check Results for Package SixSigma

Last updated on 2020-01-22 07:57:23 CET.

Flavor Version Tinstall Tcheck Ttotal Status Flags
r-devel-linux-x86_64-debian-clang 0.9-52 7.25 87.38 94.63 NOTE
r-devel-linux-x86_64-debian-gcc 0.9-52 5.19 64.97 70.16 NOTE
r-devel-linux-x86_64-fedora-clang 0.9-52 108.23 NOTE
r-devel-linux-x86_64-fedora-gcc 0.9-52 105.07 NOTE
r-devel-windows-ix86+x86_64 0.9-52 27.00 434.00 461.00 OK
r-devel-windows-ix86+x86_64-gcc8 0.9-52 28.00 545.00 573.00 OK
r-patched-linux-x86_64 0.9-52 5.83 78.12 83.95 OK
r-patched-solaris-x86 0.9-52 120.80 OK
r-release-linux-x86_64 0.9-52 5.19 77.35 82.54 OK
r-release-windows-ix86+x86_64 0.9-52 13.00 160.00 173.00 OK
r-release-osx-x86_64 0.9-52 OK
r-oldrel-windows-ix86+x86_64 0.9-52 8.00 79.00 87.00 OK
r-oldrel-osx-x86_64 0.9-52 OK

Check Details

Version: 0.9-52
Check: for non-standard things in the check directory
Result: NOTE
    Found the following files/directories:
     'helicopter.pdf'
Flavors: r-devel-linux-x86_64-debian-clang, r-devel-linux-x86_64-debian-gcc, r-devel-linux-x86_64-fedora-clang, r-devel-linux-x86_64-fedora-gcc