CRAN Package Check Results for Package SmarterPoland

Last updated on 2020-02-27 07:49:52 CET.

Flavor Version Tinstall Tcheck Ttotal Status Flags
r-devel-linux-x86_64-debian-clang 1.7 14.82 49.58 64.40 OK
r-devel-linux-x86_64-debian-gcc 1.7 14.26 41.21 55.47 OK
r-devel-linux-x86_64-fedora-clang 1.7 82.55 NOTE
r-devel-linux-x86_64-fedora-gcc 1.7 79.46 NOTE
r-devel-windows-ix86+x86_64 1.7 23.00 61.00 84.00 NOTE
r-devel-windows-ix86+x86_64-gcc8 1.7 25.00 60.00 85.00 NOTE
r-patched-linux-x86_64 1.7 12.85 44.40 57.25 OK
r-patched-solaris-x86 1.7 125.80 NOTE
r-release-linux-x86_64 1.7 15.66 44.91 60.57 OK
r-release-windows-ix86+x86_64 1.7 21.00 58.00 79.00 NOTE
r-release-osx-x86_64 1.7 NOTE
r-oldrel-windows-ix86+x86_64 1.7 18.00 58.00 76.00 NOTE
r-oldrel-osx-x86_64 1.7 NOTE

Check Details

Version: 1.7
Check: installed package size
Result: NOTE
     installed size is 8.2Mb
     sub-directories of 1Mb or more:
     data 8.1Mb
Flavors: r-devel-linux-x86_64-fedora-clang, r-devel-windows-ix86+x86_64, r-devel-windows-ix86+x86_64-gcc8, r-patched-solaris-x86, r-release-windows-ix86+x86_64, r-release-osx-x86_64, r-oldrel-windows-ix86+x86_64, r-oldrel-osx-x86_64

Version: 1.7
Check: data for non-ASCII characters
Result: NOTE
     Note: found 1122 marked UTF-8 strings
Flavors: r-devel-linux-x86_64-fedora-clang, r-devel-linux-x86_64-fedora-gcc, r-patched-solaris-x86, r-release-osx-x86_64, r-oldrel-osx-x86_64