CRAN Package Check Results for Package SparseFactorAnalysis

Last updated on 2020-01-27 07:55:19 CET.

Flavor Version Tinstall Tcheck Ttotal Status Flags
r-devel-linux-x86_64-debian-clang 1.0 63.09 56.31 119.40 OK
r-devel-linux-x86_64-debian-gcc 1.0 43.18 42.98 86.16 OK
r-devel-linux-x86_64-fedora-clang 1.0 157.14 NOTE
r-devel-linux-x86_64-fedora-gcc 1.0 150.70 NOTE
r-devel-windows-ix86+x86_64 1.0 135.00 138.00 273.00 OK
r-devel-windows-ix86+x86_64-gcc8 1.0 183.00 101.00 284.00 OK
r-patched-linux-x86_64 1.0 49.91 47.58 97.49 OK
r-patched-solaris-x86 1.0 150.60 OK
r-release-linux-x86_64 1.0 51.13 48.03 99.16 OK
r-release-windows-ix86+x86_64 1.0 113.00 84.00 197.00 OK
r-release-osx-x86_64 1.0 OK
r-oldrel-windows-ix86+x86_64 1.0 96.00 76.00 172.00 OK
r-oldrel-osx-x86_64 1.0 OK

Check Details

Version: 1.0
Check: compiled code
Result: NOTE
    File ‘SparseFactorAnalysis/libs/SparseFactorAnalysis.so’:
     Found no calls to: ‘R_registerRoutines’, ‘R_useDynamicSymbols’
    
    It is good practice to register native routines and to disable symbol
    search.
    
    See ‘Writing portable packages’ in the ‘Writing R Extensions’ manual.
Flavors: r-devel-linux-x86_64-fedora-clang, r-devel-linux-x86_64-fedora-gcc