CRAN Package Check Results for Package SpatialTools

Last updated on 2020-01-22 07:57:24 CET.

Flavor Version Tinstall Tcheck Ttotal Status Flags
r-devel-linux-x86_64-debian-clang 1.0.4 88.29 63.20 151.49 OK
r-devel-linux-x86_64-debian-gcc 1.0.4 63.04 50.38 113.42 OK
r-devel-linux-x86_64-fedora-clang 1.0.4 204.89 NOTE
r-devel-linux-x86_64-fedora-gcc 1.0.4 197.20 OK
r-devel-windows-ix86+x86_64 1.0.4 218.00 143.00 361.00 OK
r-devel-windows-ix86+x86_64-gcc8 1.0.4 228.00 114.00 342.00 OK
r-patched-linux-x86_64 1.0.4 71.85 57.27 129.12 OK
r-patched-solaris-x86 1.0.4 195.90 OK
r-release-linux-x86_64 1.0.4 68.08 57.80 125.88 OK
r-release-windows-ix86+x86_64 1.0.4 155.00 132.00 287.00 OK
r-release-osx-x86_64 1.0.4 OK
r-oldrel-windows-ix86+x86_64 1.0.4 136.00 89.00 225.00 OK
r-oldrel-osx-x86_64 1.0.4 OK

Check Details

Version: 1.0.4
Check: installed package size
Result: NOTE
     installed size is 5.7Mb
     sub-directories of 1Mb or more:
     libs 5.4Mb
Flavor: r-devel-linux-x86_64-fedora-clang