CRAN Package Check Results for Package SpatialVx

Last updated on 2020-06-01 16:50:36 CEST.

Flavor Version Tinstall Tcheck Ttotal Status Flags
r-devel-linux-x86_64-debian-clang 0.6-5 28.84 214.61 243.45 OK
r-devel-linux-x86_64-debian-gcc 0.6-5 22.12 166.04 188.16 OK
r-devel-linux-x86_64-fedora-clang 0.6-5 305.09 OK
r-devel-linux-x86_64-fedora-gcc 0.6-5 292.46 OK
r-devel-windows-ix86+x86_64 0.6-5 62.00 282.00 344.00 OK
r-patched-linux-x86_64 0.6-5 25.12 215.00 240.12 OK
r-patched-solaris-x86 0.6-5 422.20 NOTE
r-release-linux-x86_64 0.6-5 26.03 214.37 240.40 OK
r-release-osx-x86_64 0.6-5 OK
r-release-windows-ix86+x86_64 0.6-5 45.00 301.00 346.00 OK
r-oldrel-osx-x86_64 0.6-5 OK
r-oldrel-windows-ix86+x86_64 0.6-5 41.00 221.00 262.00 OK

Check Details

Version: 0.6-5
Check: installed package size
Result: NOTE
     installed size is 5.1Mb
     sub-directories of 1Mb or more:
     data 3.6Mb
Flavor: r-patched-solaris-x86