CRAN Package Check Results for Package Stack

Last updated on 2020-01-27 07:55:19 CET.

Flavor Version Tinstall Tcheck Ttotal Status Flags
r-devel-linux-x86_64-debian-clang 2.0-1 4.76 27.03 31.79 NOTE
r-devel-linux-x86_64-debian-gcc 2.0-1 3.40 21.65 25.05 NOTE
r-devel-linux-x86_64-fedora-clang 2.0-1 38.78 WARN
r-devel-linux-x86_64-fedora-gcc 2.0-1 37.83 NOTE
r-devel-windows-ix86+x86_64 2.0-1 12.00 58.00 70.00 NOTE
r-devel-windows-ix86+x86_64-gcc8 2.0-1 10.00 59.00 69.00 NOTE
r-patched-linux-x86_64 2.0-1 3.30 25.29 28.59 NOTE
r-patched-solaris-x86 2.0-1 53.70 NOTE
r-release-linux-x86_64 2.0-1 3.78 24.72 28.50 NOTE
r-release-windows-ix86+x86_64 2.0-1 7.00 38.00 45.00 NOTE
r-release-osx-x86_64 2.0-1 NOTE
r-oldrel-windows-ix86+x86_64 2.0-1 4.00 37.00 41.00 NOTE
r-oldrel-osx-x86_64 2.0-1 NOTE

Check Details

Version: 2.0-1
Check: R code for possible problems
Result: NOTE
    .expandLevels: no visible global function definition for 'na.omit'
    .ffStack: no visible global function definition for 'na.omit'
    .ffffStack: no visible global function definition for 'na.omit'
    Stack : <anonymous>: no visible global function definition for
     'na.omit'
    ffStack,ffdf-data.frame: no visible global function definition for
     'na.omit'
    ffStack,ffdf-ffdf: no visible global function definition for 'na.omit'
    ffStack,ffdf-list: no visible global function definition for 'na.omit'
    Undefined global functions or variables:
     na.omit
    Consider adding
     importFrom("stats", "na.omit")
    to your NAMESPACE file.
Flavors: r-devel-linux-x86_64-debian-clang, r-devel-linux-x86_64-debian-gcc, r-devel-linux-x86_64-fedora-clang, r-devel-linux-x86_64-fedora-gcc, r-devel-windows-ix86+x86_64, r-devel-windows-ix86+x86_64-gcc8, r-patched-linux-x86_64, r-patched-solaris-x86, r-release-linux-x86_64, r-release-windows-ix86+x86_64, r-release-osx-x86_64, r-oldrel-windows-ix86+x86_64, r-oldrel-osx-x86_64

Version: 2.0-1
Check: package dependencies
Result: WARN
    Requires orphaned package: ‘bit’
Flavor: r-devel-linux-x86_64-fedora-clang