CRAN Package Check Results for Package ToxicoGx

Last updated on 2020-02-22 07:50:19 CET.

Flavor Version Tinstall Tcheck Ttotal Status Flags
r-devel-linux-x86_64-debian-clang 0.1.1 38.30 324.35 362.65 OK
r-devel-linux-x86_64-debian-gcc 0.1.1 32.79 247.79 280.58 OK
r-devel-linux-x86_64-fedora-clang 0.1.1 442.34 NOTE
r-devel-linux-x86_64-fedora-gcc 0.1.1 425.61 NOTE
r-devel-windows-ix86+x86_64 0.1.1 75.00 274.00 349.00 OK
r-devel-windows-ix86+x86_64-gcc8 0.1.1 110.00 412.00 522.00 OK
r-patched-linux-x86_64 0.1.1 OK
r-patched-solaris-x86 0.1.1 560.00 NOTE
r-release-linux-x86_64 0.1.1 30.26 275.24 305.50 OK
r-release-windows-ix86+x86_64 0.1.1 62.00 276.00 338.00 OK
r-release-osx-x86_64 0.1.1 ERROR
r-oldrel-windows-ix86+x86_64 0.1.1 38.00 273.00 311.00 OK
r-oldrel-osx-x86_64 0.1.1 ERROR

Check Details

Version: 0.1.1
Check: dependencies in R code
Result: NOTE
    Namespace in Imports field not imported from: ‘RColorBrewer’
     All declared Imports should be used.
Flavors: r-devel-linux-x86_64-fedora-clang, r-devel-linux-x86_64-fedora-gcc, r-patched-solaris-x86

Version: 0.1.1
Check: data for non-ASCII characters
Result: NOTE
     Note: found 68 marked UTF-8 strings
Flavors: r-devel-linux-x86_64-fedora-clang, r-devel-linux-x86_64-fedora-gcc, r-patched-solaris-x86

Version: 0.1.1
Check: whether package can be installed
Result: ERROR
    Installation failed.
Flavor: r-release-osx-x86_64

Version: 0.1.1
Check: package dependencies
Result: ERROR
    Package required but not available: ‘CoreGx’
    
    Package suggested but not available for checking: ‘PharmacoGx’
    
    See section ‘The DESCRIPTION file’ in the ‘Writing R Extensions’
    manual.
Flavor: r-oldrel-osx-x86_64