CRAN Package Check Results for Package VdgRsm

Last updated on 2020-02-27 07:49:56 CET.

Flavor Version Tinstall Tcheck Ttotal Status Flags
r-devel-linux-x86_64-debian-clang 1.5 5.74 54.00 59.74 NOTE
r-devel-linux-x86_64-debian-gcc 1.5 4.38 40.25 44.63 NOTE
r-devel-linux-x86_64-fedora-clang 1.5 69.53 NOTE
r-devel-linux-x86_64-fedora-gcc 1.5 69.00 NOTE
r-devel-windows-ix86+x86_64 1.5 10.00 59.00 69.00 NOTE
r-devel-windows-ix86+x86_64-gcc8 1.5 10.00 63.00 73.00 NOTE
r-patched-linux-x86_64 1.5 5.22 48.02 53.24 NOTE
r-patched-solaris-x86 1.5 89.30 NOTE
r-release-linux-x86_64 1.5 5.04 48.24 53.28 NOTE
r-release-windows-ix86+x86_64 1.5 9.00 58.00 67.00 NOTE
r-release-osx-x86_64 1.5 NOTE
r-oldrel-windows-ix86+x86_64 1.5 6.00 58.00 64.00 NOTE
r-oldrel-osx-x86_64 1.5 NOTE

Check Details

Version: 1.5
Check: R code for possible problems
Result: NOTE
    cpv: no visible global function definition for 'model.matrix'
    cpv: no visible global function definition for 'rnorm'
    cpv: no visible global function definition for 'par'
    cpv: no visible global function definition for 'plot'
    cpv: no visible global function definition for 'grid'
    cpv: no visible global function definition for 'lines'
    cpv: no visible global function definition for 'legend'
    cpv: no visible global function definition for 'abline'
    cpv: no visible global function definition for 'text'
    cpv: no visible global function definition for 'runif'
    cpv: no visible global function definition for 'points'
    cpv: no visible global function definition for 'boxplot'
    fds.cube: no visible global function definition for 'model.matrix'
    fds.cube: no visible global function definition for 'runif'
    fds.cube: no visible global function definition for 'par'
    fds.cube: no visible global function definition for 'plot'
    fds.cube: no visible global function definition for 'quantile'
    fds.cube: no visible global function definition for 'grid'
    fds.cube: no visible global function definition for 'lines'
    fds.cube: no visible global function definition for 'legend'
    fds.cube: no visible global function definition for 'abline'
    fds.cube: no visible global function definition for 'text'
    fds.sphere: no visible global function definition for 'model.matrix'
    fds.sphere: no visible global function definition for 'rnorm'
    fds.sphere: no visible global function definition for 'runif'
    fds.sphere: no visible global function definition for 'par'
    fds.sphere: no visible global function definition for 'plot'
    fds.sphere: no visible global function definition for 'quantile'
    fds.sphere: no visible global function definition for 'grid'
    fds.sphere: no visible global function definition for 'lines'
    fds.sphere: no visible global function definition for 'legend'
    fds.sphere: no visible global function definition for 'abline'
    fds.sphere: no visible global function definition for 'text'
    hyperarcs.vdg: no visible global function definition for 'model.matrix'
    hyperarcs.vdg: no visible global function definition for 'runif'
    hyperarcs.vdg: no visible global function definition for 'par'
    hyperarcs.vdg: no visible global function definition for 'plot'
    hyperarcs.vdg: no visible global function definition for 'grid'
    hyperarcs.vdg: no visible global function definition for 'lines'
    hyperarcs.vdg: no visible global function definition for 'legend'
    spv: no visible global function definition for 'model.matrix'
    spv: no visible global function definition for 'rnorm'
    spv: no visible global function definition for 'par'
    spv: no visible global function definition for 'plot'
    spv: no visible global function definition for 'grid'
    spv: no visible global function definition for 'lines'
    spv: no visible global function definition for 'legend'
    spv: no visible global function definition for 'abline'
    spv: no visible global function definition for 'text'
    spv: no visible global function definition for 'runif'
    spv: no visible global function definition for 'points'
    spvcontour: no visible global function definition for 'model.matrix'
    spvcontour: no visible global function definition for 'runif'
    spvcontour: no visible global function definition for 'par'
    spvcontour: no visible global function definition for 'contour'
    spvcontour: no visible global function definition for 'lines'
    spvcontour: no visible global function definition for 'points'
    spvcontour: no visible global function definition for 'segments'
    Undefined global functions or variables:
     abline boxplot contour grid legend lines model.matrix par plot points
     quantile rnorm runif segments text
    Consider adding
     importFrom("graphics", "abline", "boxplot", "contour", "grid",
     "legend", "lines", "par", "plot", "points", "segments",
     "text")
     importFrom("stats", "model.matrix", "quantile", "rnorm", "runif")
    to your NAMESPACE file.
Flavors: r-devel-linux-x86_64-debian-clang, r-devel-linux-x86_64-debian-gcc, r-devel-linux-x86_64-fedora-clang, r-devel-linux-x86_64-fedora-gcc, r-devel-windows-ix86+x86_64, r-devel-windows-ix86+x86_64-gcc8, r-patched-linux-x86_64, r-patched-solaris-x86, r-release-linux-x86_64, r-release-windows-ix86+x86_64, r-release-osx-x86_64, r-oldrel-windows-ix86+x86_64, r-oldrel-osx-x86_64