CRAN Package Check Results for Package abcrf

Last updated on 2020-01-19 07:56:11 CET.

Flavor Version Tinstall Tcheck Ttotal Status Flags
r-devel-linux-x86_64-debian-clang 1.8.1 78.40 80.89 159.29 OK
r-devel-linux-x86_64-debian-gcc 1.8.1 51.35 62.64 113.99 OK
r-devel-linux-x86_64-fedora-clang 1.8.1 203.90 NOTE
r-devel-linux-x86_64-fedora-gcc 1.8.1 210.84 OK
r-devel-windows-ix86+x86_64 1.8.1 196.00 135.00 331.00 OK
r-devel-windows-ix86+x86_64-gcc8 1.8.1 164.00 157.00 321.00 NOTE
r-patched-linux-x86_64 1.8.1 57.08 71.90 128.98 OK
r-patched-solaris-x86 1.8.1 230.60 OK
r-release-linux-x86_64 1.8.1 58.40 71.65 130.05 OK
r-release-windows-ix86+x86_64 1.8.1 192.00 174.00 366.00 OK
r-release-osx-x86_64 1.8.1 NOTE
r-oldrel-windows-ix86+x86_64 1.8.1 155.00 165.00 320.00 OK
r-oldrel-osx-x86_64 1.8.1 OK

Check Details

Version: 1.8.1
Check: installed package size
Result: NOTE
     installed size is 5.3Mb
     sub-directories of 1Mb or more:
     data 2.6Mb
     libs 2.4Mb
Flavors: r-devel-linux-x86_64-fedora-clang, r-devel-windows-ix86+x86_64-gcc8, r-release-osx-x86_64