CRAN Package Check Results for Package adegenet

Last updated on 2020-01-19 07:56:11 CET.

Flavor Version Tinstall Tcheck Ttotal Status Flags
r-devel-linux-x86_64-debian-clang 2.1.1 34.67 202.36 237.03 NOTE
r-devel-linux-x86_64-debian-gcc 2.1.1 27.40 152.71 180.11 NOTE
r-devel-linux-x86_64-fedora-clang 2.1.1 279.16 NOTE
r-devel-linux-x86_64-fedora-gcc 2.1.1 267.37 NOTE
r-devel-windows-ix86+x86_64 2.1.1 83.00 396.00 479.00 OK
r-devel-windows-ix86+x86_64-gcc8 2.1.1 63.00 339.00 402.00 OK
r-patched-linux-x86_64 2.1.1 26.95 176.07 203.02 OK
r-patched-solaris-x86 2.1.1 363.50 NOTE
r-release-linux-x86_64 2.1.1 27.36 178.77 206.13 OK
r-release-windows-ix86+x86_64 2.1.1 74.00 397.00 471.00 OK
r-release-osx-x86_64 2.1.1 OK
r-oldrel-windows-ix86+x86_64 2.1.1 58.00 217.00 275.00 OK
r-oldrel-osx-x86_64 2.1.1 OK

Check Details

Version: 2.1.1
Check: for non-standard things in the check directory
Result: NOTE
    Found the following files/directories:
     'mvMapper_Data.csv'
Flavors: r-devel-linux-x86_64-debian-clang, r-devel-linux-x86_64-debian-gcc, r-devel-linux-x86_64-fedora-clang, r-devel-linux-x86_64-fedora-gcc

Version: 2.1.1
Check: installed package size
Result: NOTE
     installed size is 5.4Mb
     sub-directories of 1Mb or more:
     R 1.4Mb
     data 1.3Mb
     files 1.9Mb
Flavor: r-patched-solaris-x86