CRAN Package Check Results for Package akima

Last updated on 2020-01-19 07:56:11 CET.

Flavor Version Tinstall Tcheck Ttotal Status Flags
r-devel-linux-x86_64-debian-clang 0.6-2 10.91 34.61 45.52 OK
r-devel-linux-x86_64-debian-gcc 0.6-2 8.03 27.47 35.50 OK
r-devel-linux-x86_64-fedora-clang 0.6-2 58.38 NOTE
r-devel-linux-x86_64-fedora-gcc 0.6-2 56.57 NOTE
r-devel-windows-ix86+x86_64 0.6-2 48.00 58.00 106.00 OK
r-devel-windows-ix86+x86_64-gcc8 0.6-2 31.00 70.00 101.00 OK
r-patched-linux-x86_64 0.6-2 8.93 31.49 40.42 OK
r-patched-solaris-x86 0.6-2 71.50 OK
r-release-linux-x86_64 0.6-2 9.86 31.89 41.75 OK
r-release-windows-ix86+x86_64 0.6-2 40.00 53.00 93.00 OK
r-release-osx-x86_64 0.6-2 OK
r-oldrel-windows-ix86+x86_64 0.6-2 39.00 58.00 97.00 OK
r-oldrel-osx-x86_64 0.6-2 OK

Additional issues

LTO

Check Details

Version: 0.6-2
Check: compiled code
Result: NOTE
    File ‘akima/libs/akima.so’:
     Found no call to: ‘R_useDynamicSymbols’
    
    It is good practice to register native routines and to disable symbol
    search.
    
    See ‘Writing portable packages’ in the ‘Writing R Extensions’ manual.
Flavors: r-devel-linux-x86_64-fedora-clang, r-devel-linux-x86_64-fedora-gcc