CRAN Package Check Results for Package archiDART

Last updated on 2020-01-23 15:47:45 CET.

Flavor Version Tinstall Tcheck Ttotal Status Flags
r-devel-linux-x86_64-debian-clang 3.3 23.94 125.70 149.64 OK
r-devel-linux-x86_64-debian-gcc 3.3 20.79 93.77 114.56 OK
r-devel-linux-x86_64-fedora-clang 3.3 204.66 OK
r-devel-linux-x86_64-fedora-gcc 3.3 175.21 OK
r-devel-windows-ix86+x86_64 3.3 52.00 175.00 227.00 OK
r-devel-windows-ix86+x86_64-gcc8 3.3 61.00 126.00 187.00 OK
r-patched-linux-x86_64 3.3 19.87 111.59 131.46 OK
r-patched-solaris-x86 3.3 209.30 OK
r-release-linux-x86_64 3.3 16.98 112.08 129.06 OK
r-release-windows-ix86+x86_64 3.3 38.00 149.00 187.00 OK
r-release-osx-x86_64 3.3 WARN
r-oldrel-windows-ix86+x86_64 3.3 27.00 104.00 131.00 OK
r-oldrel-osx-x86_64 3.3 WARN

Check Details

Version: 3.3
Check: whether package can be installed
Result: WARN
    Found the following significant warnings:
     Warning: 'rgl_init' failed, running with rgl.useNULL = TRUE
Flavors: r-release-osx-x86_64, r-oldrel-osx-x86_64

Version: 3.3
Check: dependencies in R code
Result: NOTE
    No protocol specified
Flavors: r-release-osx-x86_64, r-oldrel-osx-x86_64

Version: 3.3
Check: S3 generic/method consistency
Result: WARN
    No protocol specified
    See section ‘Generic functions and methods’ in the ‘Writing R
    Extensions’ manual.
Flavors: r-release-osx-x86_64, r-oldrel-osx-x86_64

Version: 3.3
Check: replacement functions
Result: WARN
    No protocol specified
    The argument of a replacement function which corresponds to the right
    hand side must be named ‘value’.
Flavors: r-release-osx-x86_64, r-oldrel-osx-x86_64

Version: 3.3
Check: foreign function calls
Result: NOTE
    No protocol specified
    See chapter ‘System and foreign language interfaces’ in the ‘Writing R
    Extensions’ manual.
Flavors: r-release-osx-x86_64, r-oldrel-osx-x86_64

Version: 3.3
Check: R code for possible problems
Result: NOTE
    No protocol specified
Flavors: r-release-osx-x86_64, r-oldrel-osx-x86_64

Version: 3.3
Check: for missing documentation entries
Result: WARN
    No protocol specified
    All user-level objects in a package should have documentation entries.
    See chapter ‘Writing R documentation files’ in the ‘Writing R
    Extensions’ manual.
Flavors: r-release-osx-x86_64, r-oldrel-osx-x86_64

Version: 3.3
Check: for code/documentation mismatches
Result: WARN
    No protocol specified
    No protocol specified
    No protocol specified
Flavors: r-release-osx-x86_64, r-oldrel-osx-x86_64

Version: 3.3
Check: Rd \usage sections
Result: NOTE
    No protocol specified
    The \usage entries for S3 methods should use the \method markup and not
    their full name.
    See chapter ‘Writing R documentation files’ in the ‘Writing R
    Extensions’ manual.
Flavors: r-release-osx-x86_64, r-oldrel-osx-x86_64