CRAN Package Check Results for Package assignR

Last updated on 2020-01-27 07:54:52 CET.

Flavor Version Tinstall Tcheck Ttotal Status Flags
r-devel-linux-x86_64-debian-clang 1.1.3 12.39 346.83 359.22 OK
r-devel-linux-x86_64-debian-gcc 1.1.3 9.20 255.93 265.13 OK
r-devel-linux-x86_64-fedora-clang 1.1.3 406.19 OK
r-devel-linux-x86_64-fedora-gcc 1.1.3 404.25 OK
r-devel-windows-ix86+x86_64 1.1.3 39.00 464.00 503.00 OK
r-devel-windows-ix86+x86_64-gcc8 1.1.3 36.00 471.00 507.00 OK
r-patched-linux-x86_64 1.1.3 10.27 296.86 307.13 OK
r-patched-solaris-x86 1.1.3 478.20 OK
r-release-linux-x86_64 1.1.3 10.42 296.57 306.99 OK
r-release-windows-ix86+x86_64 1.1.3 21.00 295.00 316.00 OK
r-release-osx-x86_64 1.1.3 OK
r-oldrel-windows-ix86+x86_64 1.1.3 14.00 316.00 330.00 WARN
r-oldrel-osx-x86_64 1.1.3 WARN

Check Details

Version: 1.1.3
Check: whether package can be installed
Result: WARN
    Found the following significant warnings:
     Note: possible error in 'set.seed(100, sample.kind = "Rejection")': unused argument (sample.kind = "Rejection")
    See 'd:/Rcompile/CRANpkg/local/3.5/assignR.Rcheck/00install.out' for details.
    Information on the location(s) of code generating the 'Note's can be
    obtained by re-running with environment variable R_KEEP_PKG_SOURCE set
    to 'yes'.
Flavor: r-oldrel-windows-ix86+x86_64

Version: 1.1.3
Check: R code for possible problems
Result: NOTE
    QA: possible error in set.seed(100, sample.kind = "Rejection"): unused
     argument (sample.kind = "Rejection")
Flavors: r-oldrel-windows-ix86+x86_64, r-oldrel-osx-x86_64

Version: 1.1.3
Check: whether package can be installed
Result: WARN
    Found the following significant warnings:
     Note: possible error in 'set.seed(100, sample.kind = "Rejection")': unused argument (sample.kind = "Rejection")
    See ‘/Volumes/SSD-Data/Builds/R-dev-web/QA/Simon/packages/el-capitan-x86_64/results/3.5/assignR.Rcheck/00install.out’ for details.
    Information on the location(s) of code generating the ‘Note’s can be
    obtained by re-running with environment variable R_KEEP_PKG_SOURCE set
    to ‘yes’.
Flavor: r-oldrel-osx-x86_64