CRAN Package Check Results for Package ballr

Last updated on 2020-02-27 07:49:30 CET.

Flavor Version Tinstall Tcheck Ttotal Status Flags
r-devel-linux-x86_64-debian-clang 0.2.6 2.05 68.85 70.90 OK
r-devel-linux-x86_64-debian-gcc 0.2.6 1.74 52.39 54.13 OK
r-devel-linux-x86_64-fedora-clang 0.2.6 80.53 OK
r-devel-linux-x86_64-fedora-gcc 0.2.6 87.59 OK
r-devel-windows-ix86+x86_64 0.2.6 8.00 101.00 109.00 OK
r-devel-windows-ix86+x86_64-gcc8 0.2.6 8.00 109.00 117.00 OK
r-patched-linux-x86_64 0.2.6 2.04 63.84 65.88 OK
r-patched-solaris-x86 0.2.6 70.60 WARN
r-release-linux-x86_64 0.2.6 1.99 65.01 67.00 OK
r-release-windows-ix86+x86_64 0.2.6 5.00 96.00 101.00 OK
r-release-osx-x86_64 0.2.6 OK
r-oldrel-windows-ix86+x86_64 0.2.6 3.00 96.00 99.00 OK
r-oldrel-osx-x86_64 0.2.6 OK

Check Details

Version: 0.2.6
Check: re-building of vignette outputs
Result: WARN
    Error(s) in re-building vignettes:
     ...
    --- re-building ‘use-ballr.Rmd’ using rmarkdown
    Warning in engine$weave(file, quiet = quiet, encoding = enc) :
     Pandoc (>= 1.12.3) and/or pandoc-citeproc not available. Falling back to R Markdown v1.
    
    Attaching package: 'janitor'
    
    The following objects are masked from 'package:stats':
    
     chisq.test, fisher.test
    
    Quitting from lines 62-63 (use-ballr.Rmd)
    Error: processing vignette 'use-ballr.Rmd' failed with diagnostics:
    Timeout was reached: [www.basketball-reference.com] Operation timed out after 10063 milliseconds with 0 out of 0 bytes received
    --- failed re-building ‘use-ballr.Rmd’
    
    SUMMARY: processing the following file failed:
     ‘use-ballr.Rmd’
    
    Error: Vignette re-building failed.
    Execution halted
Flavor: r-patched-solaris-x86