CRAN Package Check Results for Package banxicoR

Last updated on 2020-01-18 07:59:40 CET.

Flavor Version Tinstall Tcheck Ttotal Status Flags
r-devel-linux-x86_64-debian-clang 0.9.0 2.81 25.56 28.37 OK
r-devel-linux-x86_64-debian-gcc 0.9.0 2.08 20.36 22.44 OK
r-devel-linux-x86_64-fedora-clang 0.9.0 34.90 NOTE
r-devel-linux-x86_64-fedora-gcc 0.9.0 33.54 NOTE
r-devel-windows-ix86+x86_64 0.9.0 11.00 54.00 65.00 OK
r-devel-windows-ix86+x86_64-gcc8 0.9.0 8.00 47.00 55.00 OK
r-patched-linux-x86_64 0.9.0 2.14 23.27 25.41 OK
r-patched-solaris-x86 0.9.0 51.70 NOTE
r-release-linux-x86_64 0.9.0 2.20 23.56 25.76 OK
r-release-windows-ix86+x86_64 0.9.0 9.00 61.00 70.00 OK
r-release-osx-x86_64 0.9.0 NOTE
r-oldrel-windows-ix86+x86_64 0.9.0 4.00 38.00 42.00 OK
r-oldrel-osx-x86_64 0.9.0 NOTE

Check Details

Version: 0.9.0
Check: data for non-ASCII characters
Result: NOTE
     Note: found 148 marked UTF-8 strings
Flavors: r-devel-linux-x86_64-fedora-clang, r-devel-linux-x86_64-fedora-gcc, r-patched-solaris-x86, r-release-osx-x86_64, r-oldrel-osx-x86_64