CRAN Package Check Results for Package bayesCT

Last updated on 2020-02-18 23:48:25 CET.

Flavor Version Tinstall Tcheck Ttotal Status Flags
r-devel-linux-x86_64-debian-clang 0.99.2 0.46 2.46 2.92 ERROR
r-devel-linux-x86_64-debian-gcc 0.99.2 12.10 286.48 298.58 OK
r-devel-linux-x86_64-fedora-clang 0.99.2 492.52 NOTE
r-devel-linux-x86_64-fedora-gcc 0.99.2 473.35 NOTE
r-devel-windows-ix86+x86_64 0.99.2 27.00 338.00 365.00 OK
r-patched-linux-x86_64 0.99.2 10.96 337.92 348.88 OK
r-patched-solaris-x86 0.99.2 547.20 NOTE
r-release-linux-x86_64 0.99.2 10.78 334.21 344.99 OK
r-release-windows-ix86+x86_64 0.99.2 26.00 346.00 372.00 OK
r-release-osx-x86_64 0.99.2 NOTE
r-oldrel-windows-ix86+x86_64 0.99.2 16.00 358.00 374.00 OK
r-oldrel-osx-x86_64 0.99.2 NOTE

Check Details

Version: 0.99.2
Check: package dependencies
Result: ERROR
    Package required but not available: 'bayesDP'
    
    See section 'The DESCRIPTION file' in the 'Writing R Extensions'
    manual.
Flavor: r-devel-linux-x86_64-debian-clang

Version: 0.99.2
Check: dependencies in R code
Result: NOTE
    Namespace in Imports field not imported from: ‘msm’
     All declared Imports should be used.
Flavors: r-devel-linux-x86_64-fedora-clang, r-devel-linux-x86_64-fedora-gcc, r-patched-solaris-x86, r-release-osx-x86_64, r-oldrel-osx-x86_64