CRAN Package Check Results for Package bigKRLS

Last updated on 2020-01-27 07:54:53 CET.

Flavor Version Tinstall Tcheck Ttotal Status Flags
r-devel-linux-x86_64-debian-clang 3.0.5.1 135.85 69.92 205.77 OK
r-devel-linux-x86_64-debian-gcc 3.0.5.1 87.00 54.34 141.34 OK
r-devel-linux-x86_64-fedora-clang 3.0.5.1 264.93 WARN
r-devel-linux-x86_64-fedora-gcc 3.0.5.1 254.95 OK
r-devel-windows-ix86+x86_64 3.0.5.1 307.00 189.00 496.00 OK
r-devel-windows-ix86+x86_64-gcc8 3.0.5.1 468.00 178.00 646.00 OK
r-patched-linux-x86_64 3.0.5.1 97.61 62.10 159.71 OK
r-patched-solaris-x86 3.0.5.1 252.50 OK
r-release-linux-x86_64 3.0.5.1 98.64 61.74 160.38 OK
r-release-windows-ix86+x86_64 3.0.5.1 273.00 113.00 386.00 OK
r-release-osx-x86_64 3.0.5.1 OK
r-oldrel-windows-ix86+x86_64 3.0.5.1 271.00 106.00 377.00 OK
r-oldrel-osx-x86_64 3.0.5.1 OK

Check Details

Version: 3.0.5.1
Check: package dependencies
Result: WARN
    Requires orphaned package: ‘bigalgebra’
Flavor: r-devel-linux-x86_64-fedora-clang

Version: 3.0.5.1
Check: installed package size
Result: NOTE
     installed size is 5.1Mb
     sub-directories of 1Mb or more:
     libs 4.8Mb
Flavor: r-devel-linux-x86_64-fedora-clang