CRAN Package Check Results for Package bigmemory

Last updated on 2018-11-18 09:46:21 CET.

Flavor Version Tinstall Tcheck Ttotal Status Flags
r-devel-linux-x86_64-debian-clang 4.5.33 70.55 41.69 112.24 OK
r-devel-linux-x86_64-debian-gcc 4.5.33 61.10 33.22 94.32 OK
r-devel-linux-x86_64-fedora-clang 4.5.33 156.73 NOTE
r-devel-linux-x86_64-fedora-gcc 4.5.33 141.98 OK
r-devel-windows-ix86+x86_64 4.5.33 215.00 102.00 317.00 WARN
r-patched-linux-x86_64 4.5.33 78.25 39.64 117.89 OK
r-patched-solaris-x86 4.5.33 148.00 OK
r-release-linux-x86_64 4.5.33 69.90 39.95 109.85 OK
r-release-windows-ix86+x86_64 4.5.33 215.00 103.00 318.00 OK
r-release-osx-x86_64 4.5.33 NOTE
r-oldrel-windows-ix86+x86_64 4.5.33 241.00 100.00 341.00 OK
r-oldrel-osx-x86_64 4.5.33 NOTE

Additional issues

valgrind

Check Details

Version: 4.5.33
Check: installed package size
Result: NOTE
     installed size is 6.7Mb
     sub-directories of 1Mb or more:
     libs 6.1Mb
Flavors: r-devel-linux-x86_64-fedora-clang, r-release-osx-x86_64, r-oldrel-osx-x86_64

Version: 4.5.33
Check: whether package can be installed
Result: WARN
    Found the following significant warnings:
     d:/RCompile/CRANpkg/lib/3.6/BH/include/boost/interprocess/detail/win32_api.hpp:145:9: warning: ISO C++ prohibits anonymous structs [-Wpedantic]
     d:/RCompile/CRANpkg/lib/3.6/BH/include/boost/interprocess/detail/win32_api.hpp:153:9: warning: ISO C++ prohibits anonymous structs [-Wpedantic]
     d:/RCompile/CRANpkg/lib/3.6/BH/include/boost/interprocess/detail/win32_api.hpp:178:13: warning: ISO C++ prohibits anonymous structs [-Wpedantic]
     d:/RCompile/CRANpkg/lib/3.6/BH/include/boost/interprocess/detail/win32_api.hpp:180:7: warning: ISO C++ prohibits anonymous structs [-Wpedantic]
Flavor: r-devel-windows-ix86+x86_64