CRAN Package Check Results for Package bigmemory

Last updated on 2019-01-19 09:56:59 CET.

Flavor Version Tinstall Tcheck Ttotal Status Flags
r-devel-linux-x86_64-debian-clang 4.5.33 65.73 42.75 108.48 OK
r-devel-linux-x86_64-debian-gcc 4.5.33 61.96 33.74 95.70 OK
r-devel-linux-x86_64-fedora-clang 4.5.33 159.48 NOTE
r-devel-linux-x86_64-fedora-gcc 4.5.33 147.92 OK
r-devel-windows-ix86+x86_64 4.5.33 275.00 103.00 378.00 ERROR
r-patched-linux-x86_64 4.5.33 70.52 40.08 110.60 OK
r-patched-solaris-x86 4.5.33 150.10 OK
r-release-linux-x86_64 4.5.33 71.47 39.59 111.06 OK
r-release-windows-ix86+x86_64 4.5.33 154.00 111.00 265.00 OK
r-release-osx-x86_64 4.5.33 NOTE
r-oldrel-windows-ix86+x86_64 4.5.33 228.00 82.00 310.00 ERROR
r-oldrel-osx-x86_64 4.5.33 NOTE

Additional issues

valgrind

Check Details

Version: 4.5.33
Check: installed package size
Result: NOTE
     installed size is 6.7Mb
     sub-directories of 1Mb or more:
     libs 6.1Mb
Flavors: r-devel-linux-x86_64-fedora-clang, r-release-osx-x86_64, r-oldrel-osx-x86_64

Version: 4.5.33
Check: whether package can be installed
Result: WARN
    Found the following significant warnings:
     d:/RCompile/CRANpkg/lib/3.6/BH/include/boost/interprocess/detail/win32_api.hpp:151:9: warning: ISO C++ prohibits anonymous structs [-Wpedantic]
     d:/RCompile/CRANpkg/lib/3.6/BH/include/boost/interprocess/detail/win32_api.hpp:159:9: warning: ISO C++ prohibits anonymous structs [-Wpedantic]
     d:/RCompile/CRANpkg/lib/3.6/BH/include/boost/interprocess/detail/win32_api.hpp:184:13: warning: ISO C++ prohibits anonymous structs [-Wpedantic]
     d:/RCompile/CRANpkg/lib/3.6/BH/include/boost/interprocess/detail/win32_api.hpp:186:7: warning: ISO C++ prohibits anonymous structs [-Wpedantic]
Flavor: r-devel-windows-ix86+x86_64

Version: 4.5.33
Check: running examples for arch ‘i386’
Result: ERROR
    Running examples in 'bigmemory-Ex.R' failed
    The error most likely occurred in:
    
    > ### Name: describe,big.matrix-method
    > ### Title: The basic "big.matrix" operations for sharing and re-attaching.
    > ### Aliases: describe,big.matrix-method attach.big.matrix describe
    > ### attach.resource
    > ### Keywords: classes methods
    >
    > ### ** Examples
    >
    > # The example is quite silly, as you wouldn't likely do this in a
    > # single R session. But if zdescription were passed to another R session
    > # via SNOW, foreach, or even by a simple file read/write,
    > # then the attach of the second R process would give access to the
    > # same object in memory. Please see the package vignette for real examples.
    >
    > z <- big.matrix(3, 3, type='integer', init=3)
    
    This application has requested the Runtime to terminate it in an unusual way.
    Please contact the application's support team for more information.
    terminate called after throwing an instance of 'boost::interprocess::interprocess_exception'
     what(): Zugriff verweigert
Flavors: r-devel-windows-ix86+x86_64, r-oldrel-windows-ix86+x86_64

Version: 4.5.33
Check: running examples for arch ‘x64’
Result: ERROR
    Running examples in 'bigmemory-Ex.R' failed
    The error most likely occurred in:
    
    > ### Name: describe,big.matrix-method
    > ### Title: The basic "big.matrix" operations for sharing and re-attaching.
    > ### Aliases: describe,big.matrix-method attach.big.matrix describe
    > ### attach.resource
    > ### Keywords: classes methods
    >
    > ### ** Examples
    >
    > # The example is quite silly, as you wouldn't likely do this in a
    > # single R session. But if zdescription were passed to another R session
    > # via SNOW, foreach, or even by a simple file read/write,
    > # then the attach of the second R process would give access to the
    > # same object in memory. Please see the package vignette for real examples.
    >
    > z <- big.matrix(3, 3, type='integer', init=3)
    
    This application has requested the Runtime to terminate it in an unusual way.
    Please contact the application's support team for more information.
    terminate called after throwing an instance of 'boost::interprocess::interprocess_exception'
     what(): Zugriff verweigert
Flavors: r-devel-windows-ix86+x86_64, r-oldrel-windows-ix86+x86_64