CRAN Package Check Results for Package bigmemory

Last updated on 2019-04-24 09:50:31 CEST.

Flavor Version Tinstall Tcheck Ttotal Status Flags
r-devel-linux-x86_64-debian-clang 4.5.33 69.68 42.83 112.51 OK
r-devel-linux-x86_64-debian-gcc 4.5.33 54.63 33.47 88.10 OK
r-devel-linux-x86_64-fedora-clang 4.5.33 163.07 NOTE
r-devel-linux-x86_64-fedora-gcc 4.5.33 146.51 OK
r-devel-windows-ix86+x86_64 4.5.33 215.00 88.00 303.00 WARN
r-patched-linux-x86_64 4.5.33 68.20 41.49 109.69 OK
r-patched-solaris-x86 4.5.33 162.00 OK
r-release-linux-x86_64 4.5.33 65.87 39.80 105.67 OK
r-release-windows-ix86+x86_64 4.5.33 163.00 114.00 277.00 OK
r-release-osx-x86_64 4.5.33 NOTE
r-oldrel-windows-ix86+x86_64 4.5.33 222.00 98.00 320.00 OK
r-oldrel-osx-x86_64 4.5.33 NOTE

Additional issues

valgrind

Check Details

Version: 4.5.33
Check: installed package size
Result: NOTE
     installed size is 6.8Mb
     sub-directories of 1Mb or more:
     libs 6.2Mb
Flavors: r-devel-linux-x86_64-fedora-clang, r-release-osx-x86_64, r-oldrel-osx-x86_64

Version: 4.5.33
Check: whether package can be installed
Result: WARN
    Found the following significant warnings:
     d:/RCompile/CRANpkg/lib/3.6/BH/include/boost/interprocess/detail/win32_api.hpp:151:9: warning: ISO C++ prohibits anonymous structs [-Wpedantic]
     d:/RCompile/CRANpkg/lib/3.6/BH/include/boost/interprocess/detail/win32_api.hpp:159:9: warning: ISO C++ prohibits anonymous structs [-Wpedantic]
     d:/RCompile/CRANpkg/lib/3.6/BH/include/boost/interprocess/detail/win32_api.hpp:184:13: warning: ISO C++ prohibits anonymous structs [-Wpedantic]
     d:/RCompile/CRANpkg/lib/3.6/BH/include/boost/interprocess/detail/win32_api.hpp:186:7: warning: ISO C++ prohibits anonymous structs [-Wpedantic]
    Found the following additional notes/warnings:
     Non-staged installation was used
Flavor: r-devel-windows-ix86+x86_64