CRAN Package Check Results for Package bigtime

Last updated on 2020-01-17 21:47:03 CET.

Flavor Version Tinstall Tcheck Ttotal Status Flags
r-devel-linux-x86_64-debian-clang 0.1.0 35.06 54.43 89.49 OK
r-devel-linux-x86_64-debian-gcc 0.1.0 25.62 40.83 66.45 OK
r-devel-linux-x86_64-fedora-clang 0.1.0 116.87 NOTE
r-devel-linux-x86_64-fedora-gcc 0.1.0 112.03 NOTE
r-devel-windows-ix86+x86_64 0.1.0 98.00 113.00 211.00 OK
r-devel-windows-ix86+x86_64-gcc8 0.1.0 82.00 132.00 214.00 OK
r-patched-linux-x86_64 0.1.0 32.11 49.01 81.12 OK
r-patched-solaris-x86 0.1.0 123.90 NOTE
r-release-linux-x86_64 0.1.0 29.52 48.64 78.16 OK
r-release-windows-ix86+x86_64 0.1.0 94.00 93.00 187.00 OK
r-release-osx-x86_64 0.1.0 NOTE
r-oldrel-windows-ix86+x86_64 0.1.0 89.00 118.00 207.00 OK
r-oldrel-osx-x86_64 0.1.0 NOTE

Check Details

Version: 0.1.0
Check: dependencies in R code
Result: NOTE
    Namespaces in Imports field not imported from:
     ‘MASS’ ‘lattice’ ‘zoo’
     All declared Imports should be used.
Flavors: r-devel-linux-x86_64-fedora-clang, r-devel-linux-x86_64-fedora-gcc, r-patched-solaris-x86, r-release-osx-x86_64, r-oldrel-osx-x86_64