CRAN Package Check Results for Package biscale

Last updated on 2020-02-18 23:48:25 CET.

Flavor Version Tinstall Tcheck Ttotal Status Flags
r-devel-linux-x86_64-debian-clang 0.1.2 6.88 54.75 61.63 OK
r-devel-linux-x86_64-debian-gcc 0.1.2 5.26 41.86 47.12 OK
r-devel-linux-x86_64-fedora-clang 0.1.2 72.09 OK
r-devel-linux-x86_64-fedora-gcc 0.1.2 69.99 OK
r-devel-windows-ix86+x86_64 0.1.2 15.00 66.00 81.00 OK
r-devel-windows-ix86+x86_64-gcc8 0.1.2 24.00 98.00 122.00 OK
r-patched-linux-x86_64 0.1.2 5.49 47.19 52.68 OK
r-patched-solaris-x86 0.1.2 95.60 NOTE
r-release-linux-x86_64 0.1.2 5.43 47.18 52.61 OK
r-release-windows-ix86+x86_64 0.1.2 9.00 62.00 71.00 OK
r-release-osx-x86_64 0.1.2 OK
r-oldrel-windows-ix86+x86_64 0.1.2 8.00 66.00 74.00 OK
r-oldrel-osx-x86_64 0.1.2 OK

Check Details

Version: 0.1.2
Check: installed package size
Result: NOTE
     installed size is 5.2Mb
     sub-directories of 1Mb or more:
     doc 2.6Mb
     help 2.2Mb
Flavor: r-patched-solaris-x86