CRAN Package Check Results for Package bsam

Last updated on 2020-01-18 07:59:42 CET.

Flavor Version Tinstall Tcheck Ttotal Status Flags
r-devel-linux-x86_64-debian-clang 1.1.2 12.49 81.06 93.55 OK
r-devel-linux-x86_64-debian-gcc 1.1.2 8.88 61.28 70.16 OK
r-devel-linux-x86_64-fedora-clang 1.1.2 109.19 NOTE
r-devel-linux-x86_64-fedora-gcc 1.1.2 106.27 NOTE
r-devel-windows-ix86+x86_64 1.1.2 35.00 132.00 167.00 OK
r-devel-windows-ix86+x86_64-gcc8 1.1.2 24.00 105.00 129.00 OK
r-patched-linux-x86_64 1.1.2 11.29 70.65 81.94 OK
r-patched-solaris-x86 1.1.2 167.40 NOTE
r-release-linux-x86_64 1.1.2 10.39 71.23 81.62 OK
r-release-windows-ix86+x86_64 1.1.2 36.00 120.00 156.00 OK
r-release-osx-x86_64 1.1.2 NOTE
r-oldrel-windows-ix86+x86_64 1.1.2 22.00 75.00 97.00 OK
r-oldrel-osx-x86_64 1.1.2 NOTE

Check Details

Version: 1.1.2
Check: dependencies in R code
Result: NOTE
    Namespaces in Imports field not imported from:
     ‘rworldxtra’ ‘sp’
     All declared Imports should be used.
Flavors: r-devel-linux-x86_64-fedora-clang, r-devel-linux-x86_64-fedora-gcc, r-patched-solaris-x86, r-release-osx-x86_64, r-oldrel-osx-x86_64