CRAN Package Check Results for Package cabinets

Last updated on 2020-01-18 07:59:42 CET.

Flavor Version Tinstall Tcheck Ttotal Status Flags
r-devel-linux-x86_64-debian-clang 0.3.1 3.02 22.25 25.27 OK
r-devel-linux-x86_64-debian-gcc 0.3.1 2.51 17.68 20.19 OK
r-devel-linux-x86_64-fedora-clang 0.3.1 31.13 NOTE
r-devel-linux-x86_64-fedora-gcc 0.3.1 29.59 NOTE
r-devel-windows-ix86+x86_64 0.3.1 10.00 36.00 46.00 OK
r-devel-windows-ix86+x86_64-gcc8 0.3.1 7.00 49.00 56.00 OK
r-patched-linux-x86_64 0.3.1 2.80 20.01 22.81 OK
r-patched-solaris-x86 0.3.1 42.00 NOTE
r-release-linux-x86_64 0.3.1 2.49 20.47 22.96 OK
r-release-windows-ix86+x86_64 0.3.1 10.00 45.00 55.00 OK
r-release-osx-x86_64 0.3.1 NOTE
r-oldrel-windows-ix86+x86_64 0.3.1 5.00 32.00 37.00 OK
r-oldrel-osx-x86_64 0.3.1 NOTE

Check Details

Version: 0.3.1
Check: dependencies in R code
Result: NOTE
    Namespaces in Imports field not imported from:
     ‘R6’ ‘here’ ‘withr’
     All declared Imports should be used.
Flavors: r-devel-linux-x86_64-fedora-clang, r-devel-linux-x86_64-fedora-gcc, r-patched-solaris-x86, r-release-osx-x86_64, r-oldrel-osx-x86_64