CRAN Package Check Results for Package cartools

Last updated on 2020-02-22 07:49:58 CET.

Flavor Version Tinstall Tcheck Ttotal Status Flags
r-devel-linux-x86_64-debian-clang 0.1.0 9.57 60.35 69.92 NOTE
r-devel-linux-x86_64-debian-gcc 0.1.0 7.14 46.35 53.49 NOTE
r-devel-linux-x86_64-fedora-clang 0.1.0 82.08 NOTE
r-devel-linux-x86_64-fedora-gcc 0.1.0 88.23 NOTE
r-devel-windows-ix86+x86_64 0.1.0 19.00 70.00 89.00 NOTE
r-devel-windows-ix86+x86_64-gcc8 0.1.0 32.00 108.00 140.00 NOTE
r-patched-linux-x86_64 0.1.0 OK
r-patched-solaris-x86 0.1.0 100.20 NOTE
r-release-linux-x86_64 0.1.0 8.58 54.45 63.03 OK
r-release-windows-ix86+x86_64 0.1.0 15.00 71.00 86.00 OK
r-release-osx-x86_64 0.1.0 NOTE
r-oldrel-windows-ix86+x86_64 0.1.0 12.00 70.00 82.00 OK
r-oldrel-osx-x86_64 0.1.0 NOTE

Check Details

Version: 0.1.0
Check: package vignettes
Result: NOTE
    Package vignette with placeholder title 'Vignette Title':
     'cartools.Rmd'
Flavors: r-devel-linux-x86_64-debian-clang, r-devel-linux-x86_64-debian-gcc, r-devel-windows-ix86+x86_64, r-devel-windows-ix86+x86_64-gcc8

Version: 0.1.0
Check: dependencies in R code
Result: NOTE
    Namespaces in Imports field not imported from:
     ‘animation’ ‘devtools’ ‘gapminder’ ‘knitr’ ‘rlist’ ‘rmarkdown’
     ‘roxygen2’ ‘sde’ ‘shiny’ ‘tidyverse’ ‘usethis’ ‘utils’
     All declared Imports should be used.
Flavors: r-devel-linux-x86_64-fedora-clang, r-devel-linux-x86_64-fedora-gcc, r-patched-solaris-x86, r-release-osx-x86_64, r-oldrel-osx-x86_64