CRAN Package Check Results for Package ccaPP

Last updated on 2020-01-23 15:47:47 CET.

Flavor Version Tinstall Tcheck Ttotal Status Flags
r-devel-linux-x86_64-debian-clang 0.3.3 73.99 35.01 109.00 OK --no-vignettes
r-devel-linux-x86_64-debian-gcc 0.3.3 48.16 28.65 76.81 OK --no-vignettes
r-devel-linux-x86_64-fedora-clang 0.3.3 193.70 NOTE
r-devel-linux-x86_64-fedora-gcc 0.3.3 176.49 OK
r-devel-windows-ix86+x86_64 0.3.3 183.00 153.00 336.00 OK
r-devel-windows-ix86+x86_64-gcc8 0.3.3 181.00 156.00 337.00 OK
r-patched-linux-x86_64 0.3.3 51.65 33.53 85.18 OK --no-vignettes
r-patched-solaris-x86 0.3.3 130.60 OK --no-vignettes
r-release-linux-x86_64 0.3.3 53.42 33.24 86.66 OK --no-vignettes
r-release-windows-ix86+x86_64 0.3.3 168.00 104.00 272.00 OK
r-release-osx-x86_64 0.3.3 OK
r-oldrel-windows-ix86+x86_64 0.3.3 111.00 101.00 212.00 OK
r-oldrel-osx-x86_64 0.3.3 OK

Check Details

Version: 0.3.3
Check: installed package size
Result: NOTE
     installed size is 5.1Mb
     sub-directories of 1Mb or more:
     libs 4.6Mb
Flavor: r-devel-linux-x86_64-fedora-clang