CRAN Package Check Results for Package ccfa

Last updated on 2019-04-23 09:48:39 CEST.

Flavor Version Tinstall Tcheck Ttotal Status Flags
r-devel-linux-x86_64-debian-clang 1.1.0 10.78 87.68 98.46 OK
r-devel-linux-x86_64-debian-gcc 1.1.0 7.89 68.25 76.14 OK
r-devel-linux-x86_64-fedora-clang 1.1.0 113.45 NOTE
r-devel-linux-x86_64-fedora-gcc 1.1.0 109.05 NOTE
r-devel-windows-ix86+x86_64 1.1.0 26.00 99.00 125.00 OK
r-patched-linux-x86_64 1.1.0 9.26 84.64 93.90 OK
r-patched-solaris-x86 1.1.0 175.80 NOTE
r-release-linux-x86_64 1.1.0 5.61 87.91 93.52 OK
r-release-windows-ix86+x86_64 1.1.0 11.00 153.00 164.00 OK
r-release-osx-x86_64 1.1.0 NOTE
r-oldrel-windows-ix86+x86_64 1.1.0 18.00 142.00 160.00 OK
r-oldrel-osx-x86_64 1.1.0 NOTE

Check Details

Version: 1.1.0
Check: dependencies in R code
Result: NOTE
    Namespaces in Imports field not imported from:
     ‘doParallel’ ‘foreach’
     All declared Imports should be used.
Flavors: r-devel-linux-x86_64-fedora-clang, r-devel-linux-x86_64-fedora-gcc, r-patched-solaris-x86, r-release-osx-x86_64, r-oldrel-osx-x86_64