CRAN Package Check Results for Package ccfa

Last updated on 2019-07-21 23:47:34 CEST.

Flavor Version Tinstall Tcheck Ttotal Status Flags
r-devel-linux-x86_64-debian-clang 1.1.0 10.10 89.18 99.28 OK
r-devel-linux-x86_64-debian-gcc 1.1.0 8.04 69.63 77.67 OK
r-devel-linux-x86_64-fedora-clang 1.1.0 115.87 NOTE
r-devel-linux-x86_64-fedora-gcc 1.1.0 119.37 NOTE
r-devel-windows-ix86+x86_64 1.1.0 20.00 133.00 153.00 OK
r-patched-linux-x86_64 1.1.0 10.29 85.76 96.05 OK
r-patched-solaris-x86 1.1.0 179.10 NOTE
r-release-linux-x86_64 1.1.0 8.79 86.40 95.19 OK
r-release-windows-ix86+x86_64 1.1.0 20.00 103.00 123.00 OK
r-release-osx-x86_64 1.1.0 NOTE
r-oldrel-windows-ix86+x86_64 1.1.0 16.00 102.00 118.00 OK
r-oldrel-osx-x86_64 1.1.0 NOTE

Check Details

Version: 1.1.0
Check: dependencies in R code
Result: NOTE
    Namespaces in Imports field not imported from:
     ‘doParallel’ ‘foreach’
     All declared Imports should be used.
Flavors: r-devel-linux-x86_64-fedora-clang, r-devel-linux-x86_64-fedora-gcc, r-patched-solaris-x86, r-release-osx-x86_64, r-oldrel-osx-x86_64