CRAN Package Check Results for Package ceterisParibus

Last updated on 2020-03-30 07:51:11 CEST.

Flavor Version Tinstall Tcheck Ttotal Status Flags
r-devel-linux-x86_64-debian-clang 0.4.2 4.46 55.63 60.09 OK
r-devel-linux-x86_64-debian-gcc 0.4.2 4.08 42.00 46.08 OK
r-devel-linux-x86_64-fedora-clang 0.4.2 66.24 NOTE
r-devel-linux-x86_64-fedora-gcc 0.4.2 71.88 NOTE
r-devel-windows-ix86+x86_64 0.4.1 17.00 64.00 81.00 ERROR
r-devel-windows-ix86+x86_64-gcc8 0.4.1 14.00 70.00 84.00 ERROR
r-patched-linux-x86_64 0.4.1 5.17 51.76 56.93 ERROR
r-patched-solaris-x86 0.4.1 99.20 ERROR
r-release-linux-x86_64 0.4.1 4.14 48.52 52.66 OK
r-release-windows-ix86+x86_64 0.4.1 22.00 96.00 118.00 OK
r-release-osx-x86_64 0.4.2 NOTE
r-oldrel-windows-ix86+x86_64 0.4.1 12.00 98.00 110.00 OK
r-oldrel-osx-x86_64 0.4.1 NOTE

Check Details

Version: 0.4.2
Check: dependencies in R code
Result: NOTE
    Namespace in Imports field not imported from: ‘knitr’
     All declared Imports should be used.
Flavors: r-devel-linux-x86_64-fedora-clang, r-devel-linux-x86_64-fedora-gcc, r-release-osx-x86_64

Version: 0.4.1
Check: tests
Result: ERROR
     Running 'testthat.R' [9s]
    Running the tests in 'tests/testthat.R' failed.
    Complete output:
     > library(testthat)
     > library(ceterisParibus)
     Loading required package: ggplot2
     Loading required package: gower
     >
     > test_check("ceterisParibus")
     Welcome to DALEX (version: 1.0.1).
     Find examples and detailed introduction at: https://pbiecek.github.io/ema/
     Additional features will be available after installation of: ingredients, iBreakDown, ggpubr.
     Use 'install_dependencies()' to get all suggested dependencies
     randomForest 4.6-14
     Type rfNews() to see new features/changes/bug fixes.
    
     Attaching package: 'randomForest'
    
     The following object is masked from 'package:ggplot2':
    
     margin
    
     Preparation of a new explainer is initiated
     -> model label : randomForest ( <1b>[33m default <1b>[39m )
     -> data : 9000 rows 5 cols
     -> target variable : 9000 values
     -> model_info : package randomForest , ver. 4.6.14 , task regression ( <1b>[33m default <1b>[39m )
     -> predict function : yhat.randomForest will be used ( <1b>[33m default <1b>[39m )
     -> predicted values : numerical, min = 2010.982 , mean = 3505.971 , max = 5840.604
     -> residual function : difference between y and yhat ( <1b>[33m default <1b>[39m )
     -> residuals : numerical, min = -727.4451 , mean = 5.552194 , max = 1262.554
     <1b>[32m A new explainer has been created! <1b>[39m
     Preparation of a new explainer is initiated
     -> model label : lm ( <1b>[33m default <1b>[39m )
     -> data : 9000 rows 5 cols
     -> target variable : 9000 values
     -> model_info : package stats , ver. 4.0.0 , task regression ( <1b>[33m default <1b>[39m )
     -> predict function : yhat.lm will be used ( <1b>[33m default <1b>[39m )
     -> predicted values : numerical, min = 1792.597 , mean = 3506.836 , max = 6241.447
     -> residual function : difference between y and yhat ( <1b>[33m default <1b>[39m )
     -> residuals : numerical, min = -257.2555 , mean = 4.687686 , max = 472.356
     <1b>[32m A new explainer has been created! <1b>[39m
     -- 1. Error: Plotting ceteris_paribus_explainer (@test_ceteris_paribus.R#19) --
     undefined columns selected
     Backtrace:
     1. testthat::expect_is(...)
     5. ceterisParibus:::plot.ceteris_paribus_explainer(...)
     6. ceteris_paribus_layer(x = x, ..., size = size, alpha = alpha, ...
     10. base::`[.data.frame`(all_profiles, , all_variables, drop = FALSE)
    
     y_hat new_x vname x_quant quant relative_quant
     1001 4255.354 1920 construction.year 0.6268889 0.00 -0.6268889
     1001.1 4300.702 1921 construction.year 0.6268889 0.01 -0.6168889
     1001.2 4301.926 1922 construction.year 0.6268889 0.02 -0.6068889
     1001.3 4305.352 1923 construction.year 0.6268889 0.03 -0.5968889
     1001.4 4305.352 1923 construction.year 0.6268889 0.04 -0.5868889
     1001.5 4267.723 1924 construction.year 0.6268889 0.05 -0.5768889
     label
     1001 randomForest
     1001.1 randomForest
     1001.2 randomForest
     1001.3 randomForest
     1001.4 randomForest
     1001.5 randomForest
     y_hat new_x vname x_quant quant relative_quant
     1001 4255.354 1920 construction.year 0.6268889 0.00 -0.6268889
     1001.1 4300.702 1921 construction.year 0.6268889 0.01 -0.6168889
     1001.2 4301.926 1922 construction.year 0.6268889 0.02 -0.6068889
     1001.3 4305.352 1923 construction.year 0.6268889 0.03 -0.5968889
     1001.4 4305.352 1923 construction.year 0.6268889 0.04 -0.5868889
     1001.5 4267.723 1924 construction.year 0.6268889 0.05 -0.5768889
     label
     1001 randomForest
     1001.1 randomForest
     1001.2 randomForest
     1001.3 randomForest
     1001.4 randomForest
     1001.5 randomForest
     y_hat new_x vname quant obs_id label
     1001 4768.305 20 surface 0.00 0 randomForest
     1001.1 4765.291 21 surface 0.01 0 randomForest
     1001.2 4761.576 23 surface 0.02 0 randomForest
     1001.3 4760.838 24 surface 0.03 0 randomForest
     1001.4 4760.290 26 surface 0.04 0 randomForest
     1001.5 4743.734 27 surface 0.05 0 randomForest
     y_hat new_x vname quant obs_id label
     1001 4768.305 20 surface 0.00 0 randomForest
     1001.1 4765.291 21 surface 0.01 0 randomForest
     1001.2 4761.576 23 surface 0.02 0 randomForest
     1001.3 4760.838 24 surface 0.03 0 randomForest
     1001.4 4760.290 26 surface 0.04 0 randomForest
     1001.5 4743.734 27 surface 0.05 0 randomForest
     Top profiles :
     m2.price construction.year surface floor no.rooms district _yhat_
     1958 4397 1920 20 3 2 Wola 4264.677
     1958.1 4397 1921 20 3 2 Wola 4291.510
     1958.2 4397 1922 20 3 2 Wola 4293.457
     1958.3 4397 1923 20 3 2 Wola 4298.767
     1958.4 4397 1923 20 3 2 Wola 4298.767
     1958.5 4397 1924 20 3 2 Wola 4302.630
     _vname_ _ids_ _label_
     1958 construction.year 1958 randomForest
     1958.1 construction.year 1958 randomForest
     1958.2 construction.year 1958 randomForest
     1958.3 construction.year 1958 randomForest
     1958.4 construction.year 1958 randomForest
     1958.5 construction.year 1958 randomForest
    
    
     Top observations:
     m2.price construction.year surface floor no.rooms district _yhat_ _y_
     1958 4397 2005 20 3 2 Wola 4094.383 4397
     _label_
     1958 randomForest
     m2.price construction.year surface floor no.rooms district _yhat_
     1001 4644 1920 131 3 5 Srodmiescie 4255.354
     1001.1 4644 1921 131 3 5 Srodmiescie 4300.702
     1001.2 4644 1922 131 3 5 Srodmiescie 4301.926
     1001.3 4644 1923 131 3 5 Srodmiescie 4305.352
     1001.4 4644 1924 131 3 5 Srodmiescie 4267.723
     1001.5 4644 1925 131 3 5 Srodmiescie 4264.109
     _vname_ _ids_
     1001 construction.year 1001
     1001.1 construction.year 1001
     1001.2 construction.year 1001
     1001.3 construction.year 1001
     1001.4 construction.year 1001
     1001.5 construction.year 1001
     m2.price construction.year surface floor no.rooms district _yhat_
     1001 4644 1920 131 3 5 Srodmiescie 4255.354
     1001.1 4644 1921 131 3 5 Srodmiescie 4300.702
     1001.2 4644 1922 131 3 5 Srodmiescie 4301.926
     1001.3 4644 1923 131 3 5 Srodmiescie 4305.352
     1001.4 4644 1924 131 3 5 Srodmiescie 4267.723
     1001.5 4644 1925 131 3 5 Srodmiescie 4264.109
     _vname_ _ids_
     1001 construction.year 1001
     1001.1 construction.year 1001
     1001.2 construction.year 1001
     1001.3 construction.year 1001
     1001.4 construction.year 1001
     1001.5 construction.year 1001
     == testthat results ===========================================================
     [ OK: 29 | SKIPPED: 0 | WARNINGS: 1 | FAILED: 1 ]
     1. Error: Plotting ceteris_paribus_explainer (@test_ceteris_paribus.R#19)
    
     Error: testthat unit tests failed
     Execution halted
Flavors: r-devel-windows-ix86+x86_64, r-devel-windows-ix86+x86_64-gcc8

Version: 0.4.1
Check: tests
Result: ERROR
     Running ‘testthat.R’ [10s/11s]
    Running the tests in ‘tests/testthat.R’ failed.
    Complete output:
     > library(testthat)
     > library(ceterisParibus)
     Loading required package: ggplot2
     Loading required package: gower
     >
     > test_check("ceterisParibus")
     Welcome to DALEX (version: 1.0.1).
     Find examples and detailed introduction at: https://pbiecek.github.io/ema/
    
     randomForest 4.6-14
     Type rfNews() to see new features/changes/bug fixes.
    
     Attaching package: 'randomForest'
    
     The following object is masked from 'package:ggplot2':
    
     margin
    
     Preparation of a new explainer is initiated
     -> model label : randomForest ( <1b>[33m default <1b>[39m )
     -> data : 9000 rows 5 cols
     -> target variable : 9000 values
     -> model_info : package randomForest , ver. 4.6.14 , task regression ( <1b>[33m default <1b>[39m )
     -> predict function : yhat.randomForest will be used ( <1b>[33m default <1b>[39m )
     -> predicted values : numerical, min = 2010.982 , mean = 3505.971 , max = 5840.604
     -> residual function : difference between y and yhat ( <1b>[33m default <1b>[39m )
     -> residuals : numerical, min = -727.4451 , mean = 5.552194 , max = 1262.554
     <1b>[32m A new explainer has been created! <1b>[39m
     Preparation of a new explainer is initiated
     -> model label : lm ( <1b>[33m default <1b>[39m )
     -> data : 9000 rows 5 cols
     -> target variable : 9000 values
     -> model_info : package stats , ver. 4.0.0 , task regression ( <1b>[33m default <1b>[39m )
     -> predict function : yhat.lm will be used ( <1b>[33m default <1b>[39m )
     -> predicted values : numerical, min = 1792.597 , mean = 3506.836 , max = 6241.447
     -> residual function : difference between y and yhat ( <1b>[33m default <1b>[39m )
     -> residuals : numerical, min = -257.2555 , mean = 4.687686 , max = 472.356
     <1b>[32m A new explainer has been created! <1b>[39m
     ── 1. Error: Plotting ceteris_paribus_explainer (@test_ceteris_paribus.R#19) ──
     undefined columns selected
     Backtrace:
     1. testthat::expect_is(...)
     5. ceterisParibus:::plot.ceteris_paribus_explainer(...)
     6. ceteris_paribus_layer(x = x, ..., size = size, alpha = alpha, ...
     10. base::`[.data.frame`(all_profiles, , all_variables, drop = FALSE)
    
     y_hat new_x vname x_quant quant relative_quant
     1001 4255.354 1920 construction.year 0.6268889 0.00 -0.6268889
     1001.1 4300.702 1921 construction.year 0.6268889 0.01 -0.6168889
     1001.2 4301.926 1922 construction.year 0.6268889 0.02 -0.6068889
     1001.3 4305.352 1923 construction.year 0.6268889 0.03 -0.5968889
     1001.4 4305.352 1923 construction.year 0.6268889 0.04 -0.5868889
     1001.5 4267.723 1924 construction.year 0.6268889 0.05 -0.5768889
     label
     1001 randomForest
     1001.1 randomForest
     1001.2 randomForest
     1001.3 randomForest
     1001.4 randomForest
     1001.5 randomForest
     y_hat new_x vname x_quant quant relative_quant
     1001 4255.354 1920 construction.year 0.6268889 0.00 -0.6268889
     1001.1 4300.702 1921 construction.year 0.6268889 0.01 -0.6168889
     1001.2 4301.926 1922 construction.year 0.6268889 0.02 -0.6068889
     1001.3 4305.352 1923 construction.year 0.6268889 0.03 -0.5968889
     1001.4 4305.352 1923 construction.year 0.6268889 0.04 -0.5868889
     1001.5 4267.723 1924 construction.year 0.6268889 0.05 -0.5768889
     label
     1001 randomForest
     1001.1 randomForest
     1001.2 randomForest
     1001.3 randomForest
     1001.4 randomForest
     1001.5 randomForest
     y_hat new_x vname quant obs_id label
     1001 4768.305 20 surface 0.00 0 randomForest
     1001.1 4765.291 21 surface 0.01 0 randomForest
     1001.2 4761.576 23 surface 0.02 0 randomForest
     1001.3 4760.838 24 surface 0.03 0 randomForest
     1001.4 4760.290 26 surface 0.04 0 randomForest
     1001.5 4743.734 27 surface 0.05 0 randomForest
     y_hat new_x vname quant obs_id label
     1001 4768.305 20 surface 0.00 0 randomForest
     1001.1 4765.291 21 surface 0.01 0 randomForest
     1001.2 4761.576 23 surface 0.02 0 randomForest
     1001.3 4760.838 24 surface 0.03 0 randomForest
     1001.4 4760.290 26 surface 0.04 0 randomForest
     1001.5 4743.734 27 surface 0.05 0 randomForest
     Top profiles :
     m2.price construction.year surface floor no.rooms district _yhat_
     1958 4397 1920 20 3 2 Wola 4264.677
     1958.1 4397 1921 20 3 2 Wola 4291.510
     1958.2 4397 1922 20 3 2 Wola 4293.457
     1958.3 4397 1923 20 3 2 Wola 4298.767
     1958.4 4397 1923 20 3 2 Wola 4298.767
     1958.5 4397 1924 20 3 2 Wola 4302.630
     _vname_ _ids_ _label_
     1958 construction.year 1958 randomForest
     1958.1 construction.year 1958 randomForest
     1958.2 construction.year 1958 randomForest
     1958.3 construction.year 1958 randomForest
     1958.4 construction.year 1958 randomForest
     1958.5 construction.year 1958 randomForest
    
    
     Top observations:
     m2.price construction.year surface floor no.rooms district _yhat_ _y_
     1958 4397 2005 20 3 2 Wola 4094.383 4397
     _label_
     1958 randomForest
     m2.price construction.year surface floor no.rooms district _yhat_
     1001 4644 1920 131 3 5 Srodmiescie 4255.354
     1001.1 4644 1921 131 3 5 Srodmiescie 4300.702
     1001.2 4644 1922 131 3 5 Srodmiescie 4301.926
     1001.3 4644 1923 131 3 5 Srodmiescie 4305.352
     1001.4 4644 1924 131 3 5 Srodmiescie 4267.723
     1001.5 4644 1925 131 3 5 Srodmiescie 4264.109
     _vname_ _ids_
     1001 construction.year 1001
     1001.1 construction.year 1001
     1001.2 construction.year 1001
     1001.3 construction.year 1001
     1001.4 construction.year 1001
     1001.5 construction.year 1001
     m2.price construction.year surface floor no.rooms district _yhat_
     1001 4644 1920 131 3 5 Srodmiescie 4255.354
     1001.1 4644 1921 131 3 5 Srodmiescie 4300.702
     1001.2 4644 1922 131 3 5 Srodmiescie 4301.926
     1001.3 4644 1923 131 3 5 Srodmiescie 4305.352
     1001.4 4644 1924 131 3 5 Srodmiescie 4267.723
     1001.5 4644 1925 131 3 5 Srodmiescie 4264.109
     _vname_ _ids_
     1001 construction.year 1001
     1001.1 construction.year 1001
     1001.2 construction.year 1001
     1001.3 construction.year 1001
     1001.4 construction.year 1001
     1001.5 construction.year 1001
     ══ testthat results ═══════════════════════════════════════════════════════════
     [ OK: 29 | SKIPPED: 0 | WARNINGS: 1 | FAILED: 1 ]
     1. Error: Plotting ceteris_paribus_explainer (@test_ceteris_paribus.R#19)
    
     Error: testthat unit tests failed
     Execution halted
Flavor: r-patched-linux-x86_64

Version: 0.4.1
Check: dependencies in R code
Result: NOTE
    Namespace in Imports field not imported from: ‘knitr’
     All declared Imports should be used.
Flavors: r-patched-solaris-x86, r-oldrel-osx-x86_64

Version: 0.4.1
Check: tests
Result: ERROR
     Running ‘testthat.R’ [19s/23s]
    Running the tests in ‘tests/testthat.R’ failed.
    Complete output:
     > library(testthat)
     > library(ceterisParibus)
     Loading required package: ggplot2
     Loading required package: gower
     >
     > test_check("ceterisParibus")
     Welcome to DALEX (version: 1.0.1).
     Find examples and detailed introduction at: https://pbiecek.github.io/ema/
     Additional features will be available after installation of: ingredients, iBreakDown, ggpubr.
     Use 'install_dependencies()' to get all suggested dependencies
     randomForest 4.6-14
     Type rfNews() to see new features/changes/bug fixes.
    
     Attaching package: 'randomForest'
    
     The following object is masked from 'package:ggplot2':
    
     margin
    
     Preparation of a new explainer is initiated
     -> model label : randomForest ( <1b>[33m default <1b>[39m )
     -> data : 9000 rows 5 cols
     -> target variable : 9000 values
     -> model_info : package randomForest , ver. 4.6.14 , task regression ( <1b>[33m default <1b>[39m )
     -> predict function : yhat.randomForest will be used ( <1b>[33m default <1b>[39m )
     -> predicted values : numerical, min = 2010.982 , mean = 3505.971 , max = 5840.604
     -> residual function : difference between y and yhat ( <1b>[33m default <1b>[39m )
     -> residuals : numerical, min = -727.4451 , mean = 5.552194 , max = 1262.554
     <1b>[32m A new explainer has been created! <1b>[39m
     Preparation of a new explainer is initiated
     -> model label : lm ( <1b>[33m default <1b>[39m )
     -> data : 9000 rows 5 cols
     -> target variable : 9000 values
     -> model_info : package stats , ver. 4.0.0 , task regression ( <1b>[33m default <1b>[39m )
     -> predict function : yhat.lm will be used ( <1b>[33m default <1b>[39m )
     -> predicted values : numerical, min = 1792.597 , mean = 3506.836 , max = 6241.447
     -> residual function : difference between y and yhat ( <1b>[33m default <1b>[39m )
     -> residuals : numerical, min = -257.2555 , mean = 4.687686 , max = 472.356
     <1b>[32m A new explainer has been created! <1b>[39m
     ── 1. Error: Plotting ceteris_paribus_explainer (@test_ceteris_paribus.R#19) ──
     undefined columns selected
     Backtrace:
     1. testthat::expect_is(...)
     5. ceterisParibus:::plot.ceteris_paribus_explainer(...)
     6. ceteris_paribus_layer(x = x, ..., size = size, alpha = alpha, ...
     10. base::`[.data.frame`(all_profiles, , all_variables, drop = FALSE)
    
     y_hat new_x vname x_quant quant relative_quant
     1001 4255.354 1920 construction.year 0.6268889 0.00 -0.6268889
     1001.1 4300.702 1921 construction.year 0.6268889 0.01 -0.6168889
     1001.2 4301.926 1922 construction.year 0.6268889 0.02 -0.6068889
     1001.3 4305.352 1923 construction.year 0.6268889 0.03 -0.5968889
     1001.4 4305.352 1923 construction.year 0.6268889 0.04 -0.5868889
     1001.5 4267.723 1924 construction.year 0.6268889 0.05 -0.5768889
     label
     1001 randomForest
     1001.1 randomForest
     1001.2 randomForest
     1001.3 randomForest
     1001.4 randomForest
     1001.5 randomForest
     y_hat new_x vname x_quant quant relative_quant
     1001 4255.354 1920 construction.year 0.6268889 0.00 -0.6268889
     1001.1 4300.702 1921 construction.year 0.6268889 0.01 -0.6168889
     1001.2 4301.926 1922 construction.year 0.6268889 0.02 -0.6068889
     1001.3 4305.352 1923 construction.year 0.6268889 0.03 -0.5968889
     1001.4 4305.352 1923 construction.year 0.6268889 0.04 -0.5868889
     1001.5 4267.723 1924 construction.year 0.6268889 0.05 -0.5768889
     label
     1001 randomForest
     1001.1 randomForest
     1001.2 randomForest
     1001.3 randomForest
     1001.4 randomForest
     1001.5 randomForest
     y_hat new_x vname quant obs_id label
     1001 4768.305 20 surface 0.00 0 randomForest
     1001.1 4765.291 21 surface 0.01 0 randomForest
     1001.2 4761.576 23 surface 0.02 0 randomForest
     1001.3 4760.838 24 surface 0.03 0 randomForest
     1001.4 4760.290 26 surface 0.04 0 randomForest
     1001.5 4743.734 27 surface 0.05 0 randomForest
     y_hat new_x vname quant obs_id label
     1001 4768.305 20 surface 0.00 0 randomForest
     1001.1 4765.291 21 surface 0.01 0 randomForest
     1001.2 4761.576 23 surface 0.02 0 randomForest
     1001.3 4760.838 24 surface 0.03 0 randomForest
     1001.4 4760.290 26 surface 0.04 0 randomForest
     1001.5 4743.734 27 surface 0.05 0 randomForest
     Top profiles :
     m2.price construction.year surface floor no.rooms district _yhat_
     1958 4397 1920 20 3 2 Wola 4264.677
     1958.1 4397 1921 20 3 2 Wola 4291.510
     1958.2 4397 1922 20 3 2 Wola 4293.457
     1958.3 4397 1923 20 3 2 Wola 4298.767
     1958.4 4397 1923 20 3 2 Wola 4298.767
     1958.5 4397 1924 20 3 2 Wola 4302.630
     _vname_ _ids_ _label_
     1958 construction.year 1958 randomForest
     1958.1 construction.year 1958 randomForest
     1958.2 construction.year 1958 randomForest
     1958.3 construction.year 1958 randomForest
     1958.4 construction.year 1958 randomForest
     1958.5 construction.year 1958 randomForest
    
    
     Top observations:
     m2.price construction.year surface floor no.rooms district _yhat_ _y_
     1958 4397 2005 20 3 2 Wola 4094.383 4397
     _label_
     1958 randomForest
     m2.price construction.year surface floor no.rooms district _yhat_
     1001 4644 1920 131 3 5 Srodmiescie 4255.354
     1001.1 4644 1921 131 3 5 Srodmiescie 4300.702
     1001.2 4644 1922 131 3 5 Srodmiescie 4301.926
     1001.3 4644 1923 131 3 5 Srodmiescie 4305.352
     1001.4 4644 1924 131 3 5 Srodmiescie 4267.723
     1001.5 4644 1925 131 3 5 Srodmiescie 4264.109
     _vname_ _ids_
     1001 construction.year 1001
     1001.1 construction.year 1001
     1001.2 construction.year 1001
     1001.3 construction.year 1001
     1001.4 construction.year 1001
     1001.5 construction.year 1001
     m2.price construction.year surface floor no.rooms district _yhat_
     1001 4644 1920 131 3 5 Srodmiescie 4255.354
     1001.1 4644 1921 131 3 5 Srodmiescie 4300.702
     1001.2 4644 1922 131 3 5 Srodmiescie 4301.926
     1001.3 4644 1923 131 3 5 Srodmiescie 4305.352
     1001.4 4644 1924 131 3 5 Srodmiescie 4267.723
     1001.5 4644 1925 131 3 5 Srodmiescie 4264.109
     _vname_ _ids_
     1001 construction.year 1001
     1001.1 construction.year 1001
     1001.2 construction.year 1001
     1001.3 construction.year 1001
     1001.4 construction.year 1001
     1001.5 construction.year 1001
     ══ testthat results ═══════════════════════════════════════════════════════════
     [ OK: 29 | SKIPPED: 0 | WARNINGS: 1 | FAILED: 1 ]
     1. Error: Plotting ceteris_paribus_explainer (@test_ceteris_paribus.R#19)
    
     Error: testthat unit tests failed
     Execution halted
Flavor: r-patched-solaris-x86