CRAN Package Check Results for Package chromoMap

Last updated on 2020-02-18 23:48:26 CET.

Flavor Version Tinstall Tcheck Ttotal Status Flags
r-devel-linux-x86_64-debian-clang 0.2 3.68 31.02 34.70 OK
r-devel-linux-x86_64-debian-gcc 0.2 3.00 24.48 27.48 OK
r-devel-linux-x86_64-fedora-clang 0.2 42.66 NOTE
r-devel-linux-x86_64-fedora-gcc 0.2 41.75 NOTE
r-devel-windows-ix86+x86_64 0.2 8.00 46.00 54.00 OK
r-devel-windows-ix86+x86_64-gcc8 0.2 12.00 59.00 71.00 OK
r-patched-linux-x86_64 0.2 2.62 27.49 30.11 OK
r-patched-solaris-x86 0.2 62.50 NOTE
r-release-linux-x86_64 0.2 2.93 27.46 30.39 OK
r-release-windows-ix86+x86_64 0.2 7.00 42.00 49.00 OK
r-release-osx-x86_64 0.2 NOTE
r-oldrel-windows-ix86+x86_64 0.2 4.00 42.00 46.00 OK
r-oldrel-osx-x86_64 0.2 NOTE

Check Details

Version: 0.2
Check: dependencies in R code
Result: NOTE
    Namespace in Imports field not imported from: ‘htmltools’
     All declared Imports should be used.
Flavors: r-devel-linux-x86_64-fedora-clang, r-devel-linux-x86_64-fedora-gcc, r-patched-solaris-x86, r-release-osx-x86_64, r-oldrel-osx-x86_64