CRAN Package Check Results for Package clhs

Last updated on 2020-01-17 21:47:04 CET.

Flavor Version Tinstall Tcheck Ttotal Status Flags
r-devel-linux-x86_64-debian-clang 0.7-2 10.80 207.20 218.00 OK
r-devel-linux-x86_64-debian-gcc 0.7-2 9.36 158.46 167.82 OK
r-devel-linux-x86_64-fedora-clang 0.7-2 252.02 NOTE
r-devel-linux-x86_64-fedora-gcc 0.7-2 246.21 NOTE
r-devel-windows-ix86+x86_64 0.7-2 32.00 225.00 257.00 OK
r-devel-windows-ix86+x86_64-gcc8 0.7-2 18.00 284.00 302.00 OK
r-patched-linux-x86_64 0.7-2 8.60 185.71 194.31 OK
r-patched-solaris-x86 0.7-2 324.60 NOTE
r-release-linux-x86_64 0.7-2 6.38 182.19 188.57 OK
r-release-windows-ix86+x86_64 0.7-2 29.00 253.00 282.00 OK
r-release-osx-x86_64 0.7-2 NOTE
r-oldrel-windows-ix86+x86_64 0.7-2 17.00 193.00 210.00 OK
r-oldrel-osx-x86_64 0.7-2 NOTE

Check Details

Version: 0.7-2
Check: dependencies in R code
Result: NOTE
    Namespaces in Imports field not imported from:
     ‘scales’ ‘sp’
     All declared Imports should be used.
Flavors: r-devel-linux-x86_64-fedora-clang, r-devel-linux-x86_64-fedora-gcc, r-patched-solaris-x86, r-release-osx-x86_64, r-oldrel-osx-x86_64