CRAN Package Check Results for Package clustermq

Last updated on 2020-02-27 07:49:33 CET.

Flavor Version Tinstall Tcheck Ttotal Status Flags
r-devel-linux-x86_64-debian-clang 0.8.8.1 8.79 41.16 49.95 OK
r-devel-linux-x86_64-debian-gcc 0.8.8.1 8.48 34.01 42.49 OK
r-devel-linux-x86_64-fedora-clang 0.8.8.1 64.17 NOTE
r-devel-linux-x86_64-fedora-gcc 0.8.8.1 64.89 NOTE
r-devel-windows-ix86+x86_64 0.8.8.1 13.00 46.00 59.00 OK
r-devel-windows-ix86+x86_64-gcc8 0.8.8.1 14.00 48.00 62.00 OK
r-patched-linux-x86_64 0.8.8.1 7.52 38.46 45.98 OK
r-patched-solaris-x86 0.8.8.1 86.60 NOTE
r-release-linux-x86_64 0.8.8.1 8.95 38.30 47.25 OK
r-release-windows-ix86+x86_64 0.8.8.1 12.00 50.00 62.00 OK
r-release-osx-x86_64 0.8.8.1 NOTE
r-oldrel-windows-ix86+x86_64 0.8.8.1 11.00 43.00 54.00 OK
r-oldrel-osx-x86_64 0.8.8.1 NOTE

Check Details

Version: 0.8.8.1
Check: dependencies in R code
Result: NOTE
    Namespaces in Imports field not imported from:
     ‘R6’ ‘purrr’
     All declared Imports should be used.
Flavors: r-devel-linux-x86_64-fedora-clang, r-devel-linux-x86_64-fedora-gcc, r-patched-solaris-x86, r-release-osx-x86_64, r-oldrel-osx-x86_64