CRAN Package Check Results for Package codified

Last updated on 2020-02-16 07:47:54 CET.

Flavor Version Tinstall Tcheck Ttotal Status Flags
r-devel-linux-x86_64-debian-clang 0.2.0 2.71 36.73 39.44 OK
r-devel-linux-x86_64-debian-gcc 0.2.0 2.35 28.64 30.99 OK
r-devel-linux-x86_64-fedora-clang 0.2.0 48.64 NOTE
r-devel-linux-x86_64-fedora-gcc 0.2.0 47.15 NOTE
r-devel-windows-ix86+x86_64 0.2.0 10.00 52.00 62.00 OK
r-devel-windows-ix86+x86_64-gcc8 0.2.0 13.00 72.00 85.00 OK
r-patched-linux-x86_64 0.2.0 2.41 33.37 35.78 OK
r-patched-solaris-x86 0.2.0 63.80 NOTE
r-release-linux-x86_64 0.2.0 2.34 32.70 35.04 OK
r-release-windows-ix86+x86_64 0.2.0 6.00 50.00 56.00 OK
r-release-osx-x86_64 0.2.0 NOTE
r-oldrel-windows-ix86+x86_64 0.2.0 4.00 49.00 53.00 OK
r-oldrel-osx-x86_64 0.2.0 NOTE

Check Details

Version: 0.2.0
Check: dependencies in R code
Result: NOTE
    Namespaces in Imports field not imported from:
     ‘methods’ ‘readr’
     All declared Imports should be used.
Flavors: r-devel-linux-x86_64-fedora-clang, r-devel-linux-x86_64-fedora-gcc, r-patched-solaris-x86, r-release-osx-x86_64, r-oldrel-osx-x86_64