CRAN Package Check Results for Package compareDF

Last updated on 2020-01-17 21:47:04 CET.

Flavor Version Tinstall Tcheck Ttotal Status Flags
r-devel-linux-x86_64-debian-clang 2.0.0 4.09 40.82 44.91 OK
r-devel-linux-x86_64-debian-gcc 2.0.0 3.32 31.22 34.54 OK
r-devel-linux-x86_64-fedora-clang 2.0.0 37.73 NOTE
r-devel-linux-x86_64-fedora-gcc 2.0.0 33.70 NOTE
r-devel-windows-ix86+x86_64 2.0.0 16.00 51.00 67.00 OK
r-devel-windows-ix86+x86_64-gcc8 2.0.0 11.00 78.00 89.00 OK
r-patched-linux-x86_64 2.0.0 4.05 36.45 40.50 OK
r-patched-solaris-x86 2.0.0 68.50 NOTE
r-release-linux-x86_64 2.0.0 3.30 36.62 39.92 OK
r-release-windows-ix86+x86_64 2.0.0 14.00 73.00 87.00 OK
r-release-osx-x86_64 2.0.0 NOTE
r-oldrel-windows-ix86+x86_64 2.0.0 7.00 52.00 59.00 OK
r-oldrel-osx-x86_64 2.0.0 NOTE

Check Details

Version: 2.0.0
Check: dependencies in R code
Result: NOTE
    Namespaces in Imports field not imported from:
     ‘magrittr’ ‘stringr’
     All declared Imports should be used.
Flavors: r-devel-linux-x86_64-fedora-clang, r-devel-linux-x86_64-fedora-gcc, r-patched-solaris-x86, r-release-osx-x86_64, r-oldrel-osx-x86_64