CRAN Package Check Results for Package compboost

Last updated on 2020-01-16 17:48:05 CET.

Flavor Version Tinstall Tcheck Ttotal Status Flags
r-devel-linux-x86_64-debian-clang 0.1.0 215.37 133.89 349.26 OK
r-devel-linux-x86_64-debian-gcc 0.1.0 167.74 95.74 263.48 OK
r-devel-linux-x86_64-fedora-clang 0.1.0 515.23 NOTE
r-devel-linux-x86_64-fedora-gcc 0.1.0 515.10 NOTE
r-devel-windows-ix86+x86_64 0.1.0 568.00 230.00 798.00 OK
r-devel-windows-ix86+x86_64-gcc8 0.1.0 439.00 311.00 750.00 ERROR
r-patched-linux-x86_64 0.1.0 186.70 105.61 292.31 OK
r-patched-solaris-x86 0.1.0 385.20 NOTE
r-release-linux-x86_64 0.1.0 190.68 105.34 296.02 OK
r-release-windows-ix86+x86_64 0.1.0 596.00 268.00 864.00 OK
r-release-osx-x86_64 0.1.0 NOTE
r-oldrel-windows-ix86+x86_64 0.1.0 557.00 262.00 819.00 OK
r-oldrel-osx-x86_64 0.1.0 NOTE

Additional issues

clang-UBSAN gcc-UBSAN valgrind

Check Details

Version: 0.1.0
Check: installed package size
Result: NOTE
     installed size is 21.3Mb
     sub-directories of 1Mb or more:
     libs 20.7Mb
Flavors: r-devel-linux-x86_64-fedora-clang, r-devel-windows-ix86+x86_64-gcc8, r-release-osx-x86_64, r-oldrel-osx-x86_64

Version: 0.1.0
Check: dependencies in R code
Result: NOTE
    Namespaces in Imports field not imported from:
     ‘R6’ ‘checkmate’ ‘methods’
     All declared Imports should be used.
Flavors: r-devel-linux-x86_64-fedora-clang, r-devel-linux-x86_64-fedora-gcc, r-patched-solaris-x86, r-release-osx-x86_64, r-oldrel-osx-x86_64

Version: 0.1.0
Check: running tests for arch ‘x64’
Result: ERROR
     Running 'testthat.R' [55s]
    Running the tests in 'tests/testthat.R' failed.
    Complete output:
     > library(testthat)
     > library(compboost)
     >
     > test_check("compboost")
     1/1000: risk = 55
     5/1000: risk = 55
     10/1000: risk = 55
     15/1000: risk = 55
     20/1000: risk = 55
     25/1000: risk = 55
     30/1000: risk = 55
     35/1000: risk = 55
     40/1000: risk = 55
     45/1000: risk = 55
     50/1000: risk = 55
     55/1000: risk = 55
     60/1000: risk = 55
     65/1000: risk = 55
     70/1000: risk = 55
     75/1000: risk = 55
     80/1000: risk = 55
     85/1000: risk = 55
     90/1000: risk = 55
     95/1000: risk = 55
     100/1000: risk = 55
     105/1000: risk = 55
     110/1000: risk = 55
     115/1000: risk = 55
     120/1000: risk = 55
     125/1000: risk = 55
     130/1000: risk = 55
     135/1000: risk = 55
     140/1000: risk = 55
     145/1000: risk = 55
     150/1000: risk = 55
     155/1000: risk = 55
     160/1000: risk = 55
     165/1000: risk = 55
     170/1000: risk = 55
     175/1000: risk = 55
     180/1000: risk = 55
     185/1000: risk = 55
     190/1000: risk = 55
     195/1000: risk = 55
     200/1000: risk = 55
     205/1000: risk = 55
     210/1000: risk = 55
     215/1000: risk = 55
     220/1000: risk = 55
     225/1000: risk = 55
     230/1000: risk = 55
     235/1000: risk = 55
     240/1000: risk = 55
     245/1000: risk = 55
     250/1000: risk = 55
     255/1000: risk = 55
     260/1000: risk = 55
     265/1000: risk = 55
     270/1000: risk = 55
     275/1000: risk = 55
     280/1000: risk = 55
     285/1000: risk = 55
     290/1000: risk = 55
     295/1000: risk = 55
     300/1000: risk = 55
     305/1000: risk = 55
     310/1000: risk = 55
     315/1000: risk = 55
     320/1000: risk = 55
     325/1000: risk = 55
     330/1000: risk = 55
     335/1000: risk = 55
     340/1000: risk = 55
     345/1000: risk = 55
     350/1000: risk = 55
     355/1000: risk = 55
     360/1000: risk = 55
     365/1000: risk = 55
     370/1000: risk = 55
     375/1000: risk = 55
     380/1000: risk = 55
     385/1000: risk = 55
     390/1000: risk = 55
     395/1000: risk = 55
     400/1000: risk = 55
     405/1000: risk = 55
     410/1000: risk = 55
     415/1000: risk = 55
     420/1000: risk = 55
     425/1000: risk = 55
     430/1000: risk = 55
     435/1000: risk = 55
     440/1000: risk = 55
     445/1000: risk = 55
     450/1000: risk = 55
     455/1000: risk = 55
     460/1000: risk = 55
     465/1000: risk = 55
     470/1000: risk = 55
     475/1000: risk = 55
     480/1000: risk = 55
     485/1000: risk = 55
     490/1000: risk = 55
     495/1000: risk = 55
     500/1000: risk = 55
     505/1000: risk = 55
     510/1000: risk = 55
     515/1000: risk = 55
     520/1000: risk = 55
     525/1000: risk = 55
     530/1000: risk = 55
     535/1000: risk = 55
     540/1000: risk = 55
     545/1000: risk = 54
     550/1000: risk = 54
     555/1000: risk = 54
     560/1000: risk = 54
     565/1000: risk = 54
     570/1000: risk = 54
     575/1000: risk = 54
     580/1000: risk = 54
     585/1000: risk = 54
     590/1000: risk = 54
     595/1000: risk = 54
     600/1000: risk = 54
     605/1000: risk = 54
     610/1000: risk = 54
     615/1000: risk = 54
     620/1000: risk = 54
     625/1000: risk = 54
     630/1000: risk = 54
     635/1000: risk = 54
     640/1000: risk = 54
     645/1000: risk = 54
     650/1000: risk = 54
     655/1000: risk = 54
     660/1000: risk = 54
     665/1000: risk = 54
     670/1000: risk = 54
     675/1000: risk = 54
     680/1000: risk = 54
     685/1000: risk = 54
     690/1000: risk = 54
     695/1000: risk = 54
     700/1000: risk = 54
     705/1000: risk = 54
     710/1000: risk = 54
     715/1000: risk = 54
     720/1000: risk = 54
     725/1000: risk = 54
     730/1000: risk = 54
     735/1000: risk = 54
     740/1000: risk = 54
     745/1000: risk = 54
     750/1000: risk = 54
     755/1000: risk = 54
     760/1000: risk = 54
     765/1000: risk = 54
     770/1000: risk = 54
     775/1000: risk = 54
     780/1000: risk = 54
     785/1000: risk = 54
     790/1000: risk = 54
     795/1000: risk = 54
     800/1000: risk = 54
     805/1000: risk = 54
     810/1000: risk = 54
     815/1000: risk = 54
     820/1000: risk = 54
     825/1000: risk = 54
     830/1000: risk = 54
     835/1000: risk = 54
     840/1000: risk = 54
     845/1000: risk = 54
     850/1000: risk = 54
     855/1000: risk = 54
     860/1000: risk = 54
     865/1000: risk = 54
     870/1000: risk = 54
     875/1000: risk = 54
     880/1000: risk = 54
     885/1000: risk = 54
     890/1000: risk = 54
     895/1000: risk = 54
     900/1000: risk = 54
     905/1000: risk = 54
     910/1000: risk = 54
     915/1000: risk = 54
     920/1000: risk = 54
     925/1000: risk = 54
     930/1000: risk = 54
     935/1000: risk = 54
     940/1000: risk = 54
     945/1000: risk = 54
     950/1000: risk = 54
     955/1000: risk = 54
     960/1000: risk = 54
     965/1000: risk = 54
     970/1000: risk = 54
     975/1000: risk = 54
     980/1000: risk = 54
     985/1000: risk = 54
     990/1000: risk = 54
     995/1000: risk = 54
     1000/1000: risk = 54
    
    
     Train 1000 iterations in 0 Seconds.
     Final risk based on the train set: 54
Flavor: r-devel-windows-ix86+x86_64-gcc8