CRAN Package Check Results for Package contextual

Last updated on 2020-02-24 07:49:53 CET.

Flavor Version Tinstall Tcheck Ttotal Status Flags
r-devel-linux-x86_64-debian-clang 0.9.8.2 36.22 179.59 215.81 ERROR
r-devel-linux-x86_64-debian-gcc 0.9.8.2 ERROR
r-devel-linux-x86_64-fedora-clang 0.9.8.2 239.48 ERROR
r-devel-linux-x86_64-fedora-gcc 0.9.8.2 217.90 ERROR
r-devel-windows-ix86+x86_64 0.9.8.2 46.00 161.00 207.00 OK
r-devel-windows-ix86+x86_64-gcc8 0.9.8.2 72.00 217.00 289.00 OK
r-patched-linux-x86_64 0.9.8.2 OK
r-patched-solaris-x86 0.9.8.2 238.40 OK
r-release-linux-x86_64 0.9.8.2 29.64 150.21 179.85 OK
r-release-windows-ix86+x86_64 0.9.8.2 44.00 147.00 191.00 OK
r-release-osx-x86_64 0.9.8.2 OK
r-oldrel-windows-ix86+x86_64 0.9.8.2 52.00 139.00 191.00 OK
r-oldrel-osx-x86_64 0.9.8.2 OK

Check Details

Version: 0.9.8.2
Check: tests
Result: ERROR
     Running 'testthat.R' [65s/43s]
    Running the tests in 'tests/testthat.R' failed.
    Complete output:
     > Sys.setenv("R_TESTS" = "")
     >
     > library(testthat)
     > library(contextual)
     >
     > test_check("contextual")
     -- 1. Error: BasicBernoulliBandit MAB policies (@test_bandits.R#205) ----------
     task 1 failed - "invalid 'type' (list) of argument"
     Backtrace:
     1. simulation$run()
     2. `%fun%`(...)
     3. e$fun(obj, substitute(ex), parent.frame(), e$data)
    
     -- 2. Error: BasicBernoulliBandit Long (@test_bandits.R#232) ------------------
     task 1 failed - "invalid 'type' (list) of argument"
     Backtrace:
     1. simulation$run()
     2. `%fun%`(...)
     3. e$fun(obj, substitute(ex), parent.frame(), e$data)
    
     -- 3. Error: ContextualPrecachingBandit MAB policies (@test_bandits.R#259) ----
     task 1 failed - "invalid 'type' (list) of argument"
     Backtrace:
     1. simulation$run()
     2. `%fun%`(...)
     3. e$fun(obj, substitute(ex), parent.frame(), e$data)
    
     -- 4. Error: (unknown) (@test_history.R#12) -----------------------------------
     task 1 failed - "invalid 'type' (list) of argument"
     Backtrace:
     1. Simulator$new(agents, horizon = 3, simulations = 3, do_parallel = FALSE, ...
     2. `%fun%`(...)
     3. e$fun(obj, substitute(ex), parent.frame(), e$data)
    
     == testthat results ===========================================================
     [ OK: 105 | SKIPPED: 1 | WARNINGS: 0 | FAILED: 4 ]
     1. Error: BasicBernoulliBandit MAB policies (@test_bandits.R#205)
     2. Error: BasicBernoulliBandit Long (@test_bandits.R#232)
     3. Error: ContextualPrecachingBandit MAB policies (@test_bandits.R#259)
     4. Error: (unknown) (@test_history.R#12)
    
     Error: testthat unit tests failed
     Execution halted
Flavor: r-devel-linux-x86_64-debian-clang

Version: 0.9.8.2
Check: tests
Result: ERROR
     Running ‘testthat.R’ [50s/60s]
    Running the tests in ‘tests/testthat.R’ failed.
    Complete output:
     > Sys.setenv("R_TESTS" = "")
     >
     > library(testthat)
     > library(contextual)
     >
     > test_check("contextual")
     ── 1. Error: BasicBernoulliBandit MAB policies (@test_bandits.R#205) ──────────
     task 1 failed - "invalid 'type' (list) of argument"
     Backtrace:
     1. simulation$run()
     2. `%fun%`(...)
     3. e$fun(obj, substitute(ex), parent.frame(), e$data)
    
     ── 2. Error: BasicBernoulliBandit Long (@test_bandits.R#232) ──────────────────
     task 1 failed - "invalid 'type' (list) of argument"
     Backtrace:
     1. simulation$run()
     2. `%fun%`(...)
     3. e$fun(obj, substitute(ex), parent.frame(), e$data)
    
     ── 3. Error: ContextualPrecachingBandit MAB policies (@test_bandits.R#259) ────
     task 1 failed - "invalid 'type' (list) of argument"
     Backtrace:
     1. simulation$run()
     2. `%fun%`(...)
     3. e$fun(obj, substitute(ex), parent.frame(), e$data)
    
     ── 4. Error: (unknown) (@test_history.R#12) ───────────────────────────────────
     task 1 failed - "invalid 'type' (list) of argument"
     Backtrace:
     1. Simulator$new(agents, horizon = 3, simulations = 3, do_parallel = FALSE, ...
     2. `%fun%`(...)
     3. e$fun(obj, substitute(ex), parent.frame(), e$data)
    
     ══ testthat results ═══════════════════════════════════════════════════════════
     [ OK: 105 | SKIPPED: 1 | WARNINGS: 0 | FAILED: 4 ]
     1. Error: BasicBernoulliBandit MAB policies (@test_bandits.R#205)
     2. Error: BasicBernoulliBandit Long (@test_bandits.R#232)
     3. Error: ContextualPrecachingBandit MAB policies (@test_bandits.R#259)
     4. Error: (unknown) (@test_history.R#12)
    
     Error: testthat unit tests failed
     Execution halted
Flavor: r-devel-linux-x86_64-debian-gcc

Version: 0.9.8.2
Check: tests
Result: ERROR
     Running ‘testthat.R’ [53s/134s]
    Running the tests in ‘tests/testthat.R’ failed.
    Complete output:
     > Sys.setenv("R_TESTS" = "")
     >
     > library(testthat)
     > library(contextual)
     >
     > test_check("contextual")
     ── 1. Error: BasicBernoulliBandit MAB policies (@test_bandits.R#205) ──────────
     task 1 failed - "invalid 'type' (list) of argument"
     Backtrace:
     1. simulation$run()
     2. `%fun%`(...)
     3. e$fun(obj, substitute(ex), parent.frame(), e$data)
    
     ── 2. Error: BasicBernoulliBandit Long (@test_bandits.R#232) ──────────────────
     task 1 failed - "invalid 'type' (list) of argument"
     Backtrace:
     1. simulation$run()
     2. `%fun%`(...)
     3. e$fun(obj, substitute(ex), parent.frame(), e$data)
    
     ── 3. Error: ContextualPrecachingBandit MAB policies (@test_bandits.R#259) ────
     task 1 failed - "invalid 'type' (list) of argument"
     Backtrace:
     1. simulation$run()
     2. `%fun%`(...)
     3. e$fun(obj, substitute(ex), parent.frame(), e$data)
    
     ── 4. Error: (unknown) (@test_history.R#12) ───────────────────────────────────
     task 1 failed - "invalid 'type' (list) of argument"
     Backtrace:
     1. Simulator$new(agents, horizon = 3, simulations = 3, do_parallel = FALSE, ...
     2. `%fun%`(...)
     3. e$fun(obj, substitute(ex), parent.frame(), e$data)
    
     ══ testthat results ═══════════════════════════════════════════════════════════
     [ OK: 105 | SKIPPED: 1 | WARNINGS: 0 | FAILED: 4 ]
     1. Error: BasicBernoulliBandit MAB policies (@test_bandits.R#205)
     2. Error: BasicBernoulliBandit Long (@test_bandits.R#232)
     3. Error: ContextualPrecachingBandit MAB policies (@test_bandits.R#259)
     4. Error: (unknown) (@test_history.R#12)
    
     Error: testthat unit tests failed
     Execution halted
Flavor: r-devel-linux-x86_64-fedora-clang

Version: 0.9.8.2
Check: tests
Result: ERROR
     Running ‘testthat.R’ [46s/46s]
    Running the tests in ‘tests/testthat.R’ failed.
    Complete output:
     > Sys.setenv("R_TESTS" = "")
     >
     > library(testthat)
     > library(contextual)
     >
     > test_check("contextual")
     ── 1. Error: BasicBernoulliBandit MAB policies (@test_bandits.R#205) ──────────
     task 1 failed - "invalid 'type' (list) of argument"
     Backtrace:
     1. simulation$run()
     2. `%fun%`(...)
     3. e$fun(obj, substitute(ex), parent.frame(), e$data)
    
     ── 2. Error: BasicBernoulliBandit Long (@test_bandits.R#232) ──────────────────
     task 1 failed - "invalid 'type' (list) of argument"
     Backtrace:
     1. simulation$run()
     2. `%fun%`(...)
     3. e$fun(obj, substitute(ex), parent.frame(), e$data)
    
     ── 3. Error: ContextualPrecachingBandit MAB policies (@test_bandits.R#259) ────
     task 1 failed - "invalid 'type' (list) of argument"
     Backtrace:
     1. simulation$run()
     2. `%fun%`(...)
     3. e$fun(obj, substitute(ex), parent.frame(), e$data)
    
     ── 4. Error: (unknown) (@test_history.R#12) ───────────────────────────────────
     task 1 failed - "invalid 'type' (list) of argument"
     Backtrace:
     1. Simulator$new(agents, horizon = 3, simulations = 3, do_parallel = FALSE, ...
     2. `%fun%`(...)
     3. e$fun(obj, substitute(ex), parent.frame(), e$data)
    
     ══ testthat results ═══════════════════════════════════════════════════════════
     [ OK: 105 | SKIPPED: 1 | WARNINGS: 0 | FAILED: 4 ]
     1. Error: BasicBernoulliBandit MAB policies (@test_bandits.R#205)
     2. Error: BasicBernoulliBandit Long (@test_bandits.R#232)
     3. Error: ContextualPrecachingBandit MAB policies (@test_bandits.R#259)
     4. Error: (unknown) (@test_history.R#12)
    
     Error: testthat unit tests failed
     Execution halted
Flavor: r-devel-linux-x86_64-fedora-gcc