CRAN Package Check Results for Package corporaexplorer

Last updated on 2020-01-19 07:56:14 CET.

Flavor Version Tinstall Tcheck Ttotal Status Flags
r-devel-linux-x86_64-debian-clang 0.8.0 3.10 38.57 41.67 OK
r-devel-linux-x86_64-debian-gcc 0.8.0 2.63 29.05 31.68 OK
r-devel-linux-x86_64-fedora-clang 0.8.0 49.68 NOTE
r-devel-linux-x86_64-fedora-gcc 0.8.0 49.16 NOTE
r-devel-windows-ix86+x86_64 0.8.0 22.00 76.00 98.00 OK
r-devel-windows-ix86+x86_64-gcc8 0.8.0 11.00 79.00 90.00 OK
r-patched-linux-x86_64 0.8.0 3.21 34.74 37.95 OK
r-patched-solaris-x86 0.8.0 80.20 NOTE
r-release-linux-x86_64 0.8.0 3.09 33.73 36.82 OK
r-release-windows-ix86+x86_64 0.8.0 13.00 69.00 82.00 OK
r-release-osx-x86_64 0.8.0 NOTE
r-oldrel-windows-ix86+x86_64 0.8.0 10.00 67.00 77.00 OK
r-oldrel-osx-x86_64 0.8.0 NOTE

Check Details

Version: 0.8.0
Check: dependencies in R code
Result: NOTE
    Namespaces in Imports field not imported from:
     ‘RColorBrewer’ ‘forcats’ ‘ggplot2’ ‘re2r’ ‘rmarkdown’ ‘shinyWidgets’
     ‘shinycssloaders’ ‘shinydashboard’ ‘shinyjs’ ‘zoo’
     All declared Imports should be used.
Flavors: r-devel-linux-x86_64-fedora-clang, r-devel-linux-x86_64-fedora-gcc, r-patched-solaris-x86, r-release-osx-x86_64, r-oldrel-osx-x86_64